{"id":754,"date":"2022-10-11T15:05:00","date_gmt":"2022-10-11T13:05:00","guid":{"rendered":"https:\/\/spado-architects.flywheelsites.com\/?post_type=project&#038;p=754"},"modified":"2022-11-16T16:29:22","modified_gmt":"2022-11-16T14:29:22","slug":"fsz-schulzentrum-friesach","status":"publish","type":"project","link":"https:\/\/www.spado.at\/en\/projekte\/fsz-schulzentrum-friesach\/","title":{"rendered":"FSZ \u2013 Schulzentrum Friesach"},"content":{"rendered":"<section id='lightpress__section--block_d9712785ede42c930574ed34489e12a6' class='lightpress__section--full-width lightpress__section lightpress__section--spacer' data-scroll-section><div class=\"spacer spacer--small\"><\/div><\/section>\n\n<section id='lightpress__section--block_3238f43c1f8209f0bfcb95350301889a' class='lightpress__section--full-width lightpress__section lightpress__section--project-intro' data-scroll-section><div class=\"project-intro limited-grid project-intro--single\">\n                    <div class=\"project-intro__image1\" data-aos=\"fade-up\" data-aos-once=\"true\">\n                            <picture>\n                                            <source srcset=\"https:\/\/www.spado.at\/wp-content\/uploads\/FSZ_kuball_c_spado6-1024x1536.webp\" type=\"image\/webp\">\n                        <img decoding=\"async\" loading=\"lazy\" src=\"https:\/\/www.spado.at\/wp-content\/uploads\/FSZ_kuball_c_spado6-1024x1536.jpg\"\n                             alt=\"FSZ - Schulzentrum Friesach, Au\u00dfenansicht\"\n                             width=\"1024\"\n                             height=\"1536\">\n                                    <\/picture>\n                                    <\/div>\n    \n            <div class=\"project-intro__body1\" data-aos=\"fade-up\" data-aos-once=\"true\">\n                            <h2 class=\"project-intro__body1-title\">Beschreibung<\/h2>\n                        <p>GENERALSANIERUNG UND ADAPTIERUNG<\/p>\n<p>Basis der Planung war ein geladener Wettbewerb im Mai 2012. Mit einer Bauzeit von vier Monaten wurde im Sommer 2013 der Neubau, und in einer Bauzeit von zwei Monaten der gesamte Umbau vorgenommen. Im Sommer 2014 wurde der zweite Bauabschnitt, die Sanierung des Turnsaales, realisiert. Der sehr enge Zeitrahmen und das urspr\u00fcnglich angesetzte Budget konnten durch das gute Zusammenspiel aller Beteiligten eingehalten werden.\u00a0<\/p>\n<p>Die Neue Mittelschule in Friesach wurde durch den Einzug der Volksschule zu einem Schulzentrum erweitert. Im Zuge dieser Um- und Zubauten wurde die Schulanlage saniert.<\/p>\n<p>Ziel war es, einen einladenden Au\u00dfenraum, einen flie\u00dfenden \u00dcbergang von au\u00dfen nach innen zu schaffen, um Schwellen und Barrieren aufzul\u00f6sen. Dazu wurde eine breite Rampe errichtet, welche alle Sch\u00fcler in das neue Schulzentrum leitet. Das Identit\u00e4t stiftende Kunstwerk, \u201edie zwei Stiere\u201c von Mag. Heinz Glawischnig, konnte in die neue Wegef\u00fchrung integriert werden.<\/p>\n<p>Durch den Einzug der Volksschule in das Schulzentrum wurden zus\u00e4tzliche Klassenr\u00e4ume und eine weitere Direktion ben\u00f6tigt. Da der Hauptbauk\u00f6rper der Schule bislang einh\u00fcftig ausgef\u00fchrt war, konnte der bestehende Hauptgang daf\u00fcr verwendet werden die neuen R\u00e4ume zu erschlie\u00dfen. Es wurde die Tragstruktur der Schule aufgenommen und weitergef\u00fchrt.\u00a0<\/p>\n\n        <\/div>\n    \n    \n    <\/div>\n<\/section>\n\n<section id='lightpress__section--block_a23632a2f2f2db0f9de1410d11199f6b' class='lightpress__section--full-width lightpress__section lightpress__section--spacer' data-scroll-section><div class=\"spacer spacer--\"><\/div><\/section>\n\n<section id='lightpress__section--block_ce67bb06c6c4e4b1d6ba46d61ab767f2' class='lightpress__section--full-width lightpress__section lightpress__section--image' data-scroll-section><div class=\"image limited-grid image--full\">\n    <div class=\"image__image\" data-aos=\"fade-up\" data-aos-once=\"true\">\n                                            <picture>\n                                    <source srcset=\"https:\/\/www.spado.at\/wp-content\/uploads\/FSZ_kuball_c_spado1.webp\" type=\"image\/webp\">\n                    <img decoding=\"async\" loading=\"lazy\" src=\"https:\/\/www.spado.at\/wp-content\/uploads\/FSZ_kuball_c_spado1.jpg\" alt=\"FSZ - Schulzentrum Friesach, Au\u00dfenansicht\"\n                         width=\"\"\n                         height=\"\">\n                            <\/picture>\n                        <\/div>\n    <\/div><\/section>\n\n<section id='lightpress__section--block_a23632a2f2f2db0f9de1410d11199f6b' class='lightpress__section--full-width lightpress__section lightpress__section--spacer' data-scroll-section><div class=\"spacer spacer--\"><\/div><\/section>\n\n<section id='lightpress__section--block_f244f816f837f905b5c4faa192f5e19a' class='lightpress__section--full-width lightpress__section lightpress__section--project-intro' data-scroll-section><div class=\"project-intro limited-grid project-intro--single project-intro--center\">\n    \n    \n            <div class=\"project-intro__body2\" data-aos=\"fade-up\" data-aos-delay=\"200\" data-aos-once=\"true\">\n            <p>In dem neu geschaffenen Trakt konnte Platz f\u00fcr die neue Aula, offene Lernzonen und eine \u00fcberdachte Terrasse geschaffen werden.<\/p>\n<p>Die bisherige Formensprache und Materialit\u00e4t der Schule wurde weitergef\u00fchrt und st\u00e4rker hervorgehoben. Die Hauptbauk\u00f6rper sind mit der Giebelfront zu Stra\u00dfe orientiert und zeichnen sich f\u00fcr den Ankommenden als zwei eigenst\u00e4ndige Geb\u00e4ude ab. Die Farbe Wei\u00df wurde f\u00fcr diese Bauten beibehalten. Der niedrige Mittelbauk\u00f6rper mit der Bibliothek und der Direktion der Neuen Mittelschule stellt die Verbindungsbr\u00fccke zwischen den beiden Hauptbauk\u00f6rpern dar. Besonders das Erdgeschoss sollte offen, hell und transparent wirken.<\/p>\n\n        <\/div>\n    \n            <div class=\"project-intro__image2\" data-aos=\"fade-up\" data-aos-delay=\"200\" data-aos-once=\"true\">\n                                        <picture>\n                                            <source srcset=\"https:\/\/www.spado.at\/wp-content\/uploads\/FSZ_kuball_c_spado3-1024x1536.webp\" type=\"image\/webp\">\n                        <img decoding=\"async\" loading=\"lazy\" src=\"https:\/\/www.spado.at\/wp-content\/uploads\/FSZ_kuball_c_spado3-1024x1536.jpg\"\n                             alt=\"FSZ - Schulzentrum Friesach, Eingangsbereich\"\n                             width=\"1024\"\n                             height=\"1536\">\n                                                        <\/div>\n    <\/div>\n<\/section>\n\n<section id='lightpress__section--block_a23632a2f2f2db0f9de1410d11199f6b' class='lightpress__section--full-width lightpress__section lightpress__section--spacer' data-scroll-section><div class=\"spacer spacer--\"><\/div><\/section>\n\n<section id='lightpress__section--block_1f989e62970e0c166b1718e80c373938' class='lightpress__section--full-width lightpress__section lightpress__section--image-text' data-scroll-section><div class=\"image-text limited-grid \">\n    <div class=\"image-text__body\" data-aos=\"fade-up\" \n         data-aos-once=\"true\">\n        <p>Abb. 1<\/p>\n<p>Grundriss EG<\/p>\n\n    <\/div>\n            <div class=\"image-text__image\" data-aos=\"fade-up\" data-aos-delay=\"100\"\n             data-aos-once=\"true\">\n                                        <picture>\n                                            <source srcset=\"https:\/\/www.spado.at\/wp-content\/uploads\/FSZ_grundriss_EG_c_spado-e1665658489693.webp\" type=\"image\/webp\">\n                        <img decoding=\"async\" loading=\"lazy\" src=\"https:\/\/www.spado.at\/wp-content\/uploads\/FSZ_grundriss_EG_c_spado-e1665658489693.jpg\"\n                             alt=\"FSZ - Schulzentrum Friesach, Grundriss, EG\"\n                             width=\"1531\"\n                             height=\"1531\">\n                                    <\/picture>\n                        <\/div>\n    <\/div><\/section>\n\n<section id='lightpress__section--block_a23632a2f2f2db0f9de1410d11199f6b' class='lightpress__section--full-width lightpress__section lightpress__section--spacer' data-scroll-section><div class=\"spacer spacer--\"><\/div><\/section>\n\n<section id='lightpress__section--block_622e99dd2b05337c39df7587daf3bb6a' class='lightpress__section--full-width lightpress__section lightpress__section--image-image' data-scroll-section><div class=\"image-image limited-grid image-image--center\">\n            <div class=\"image-image__image1\" data-aos=\"fade-up\" data-aos-once=\"true\">\n                                        <picture>\n                                            <source srcset=\"https:\/\/www.spado.at\/wp-content\/uploads\/FSZ_kuball_c_spado7-1536x1024.webp\" type=\"image\/webp\">\n                        <img decoding=\"async\" loading=\"lazy\" src=\"https:\/\/www.spado.at\/wp-content\/uploads\/FSZ_kuball_c_spado7-1536x1024.jpg\"\n                             alt=\"FSZ - Schulzentrum Friesach, Aula\"\n                             width=\"1536\"\n                             height=\"1024\">\n                                    <\/picture>\n                \n                    <\/div>\n    \n            <div class=\"image-image__description\" data-aos=\"fade-up\" data-aos-once=\"true\">\n            <p>Abb. 2<br \/>Die Innenraumgestaltung folgte dem Gedanken eine freundliche und offene Atmosph\u00e4re zu schaffen. Man sollte das Gef\u00fchl haben in einen Ort des Wissens und Lernens einzutauchen.<\/p>\n\n        <\/div>\n     \n\n            <div class=\"image-image__image2\" data-aos=\"fade-up\" data-aos-delay=\"100\" data-aos-once=\"true\">\n                                        <picture>\n                                            <source srcset=\"https:\/\/www.spado.at\/wp-content\/uploads\/FSZ_kuball_c_spado8-1536x1024.webp\" type=\"image\/webp\">\n                        <img decoding=\"async\" loading=\"lazy\" src=\"https:\/\/www.spado.at\/wp-content\/uploads\/FSZ_kuball_c_spado8-1536x1024.jpg\"\n                             alt=\"FSZ - Schulzentrum Friesach, Werkraum\"\n                             width=\"1536\"\n                             height=\"1024\">\n                                    <\/picture>\n                \n                    <\/div>\n    \n            <div class=\"image-image__description2\" data-aos=\"fade-up\" data-aos-once=\"true\">\n            <p>Abb. 3<br \/>Es wurden warme Farbt\u00f6ne gew\u00e4hlt und neue Fenster aus Holz eingesetzt. \u00a0<\/p>\n\n        <\/div>\n    <\/div><\/section>\n\n<section id='lightpress__section--block_a23632a2f2f2db0f9de1410d11199f6b' class='lightpress__section--full-width lightpress__section lightpress__section--spacer' data-scroll-section><div class=\"spacer spacer--\"><\/div><\/section>\n\n<section id='lightpress__section--block_daa1ef1fe131b87ded6a4b335d4d13b3' class='lightpress__section--full-width lightpress__section lightpress__section--image' data-scroll-section><div class=\"image limited-grid image--center\">\n    <div class=\"image__image\" data-aos=\"fade-up\" data-aos-once=\"true\">\n                                            <picture>\n                                    <source srcset=\"https:\/\/www.spado.at\/wp-content\/uploads\/FSZ_kuball_c_spado4.webp\" type=\"image\/webp\">\n                    <img decoding=\"async\" loading=\"lazy\" src=\"https:\/\/www.spado.at\/wp-content\/uploads\/FSZ_kuball_c_spado4.jpg\" alt=\"FSZ - Schulzentrum Friesach, Au\u00dfenansicht\"\n                         width=\"\"\n                         height=\"\">\n                            <\/picture>\n                        <\/div>\n    <\/div><\/section>\n\n<section id='lightpress__section--block_d9712785ede42c930574ed34489e12a6' class='lightpress__section--full-width lightpress__section lightpress__section--spacer' data-scroll-section><div class=\"spacer spacer--small\"><\/div><\/section>","protected":false},"excerpt":{"rendered":"","protected":false},"featured_media":746,"template":"","meta":[],"class_list":["post-754","project","type-project","status-publish","has-post-thumbnail","hentry"],"acf":[],"_links":{"self":[{"href":"https:\/\/www.spado.at\/en\/wp-json\/wp\/v2\/project\/754","targetHints":{"allow":["GET"]}}],"collection":[{"href":"https:\/\/www.spado.at\/en\/wp-json\/wp\/v2\/project"}],"about":[{"href":"https:\/\/www.spado.at\/en\/wp-json\/wp\/v2\/types\/project"}],"wp:featuredmedia":[{"embeddable":true,"href":"https:\/\/www.spado.at\/en\/wp-json\/wp\/v2\/media\/746"}],"wp:attachment":[{"href":"https:\/\/www.spado.at\/en\/wp-json\/wp\/v2\/media?parent=754"}],"curies":[{"name":"wp","href":"https:\/\/api.w.org\/{rel}","templated":true}]}}

<section id='lightpress__section--block_d9712785ede42c930574ed34489e12a6' class='lightpress__section--full-width lightpress__section lightpress__section--spacer' data-scroll-section><div class="spacer spacer--small"></div></section>

<section id='lightpress__section--block_3238f43c1f8209f0bfcb95350301889a' class='lightpress__section--full-width lightpress__section lightpress__section--project-intro' data-scroll-section><div class="project-intro limited-grid project-intro--single">
                    <div class="project-intro__image1" data-aos="fade-up" data-aos-once="true">
                            <picture>
                                            <source srcset="https://www.spado.at/wp-content/uploads/FSZ_kuball_c_spado6-1024x1536.webp" type="image/webp">
                        <img decoding="async" loading="lazy" src="https://www.spado.at/wp-content/uploads/FSZ_kuball_c_spado6-1024x1536.jpg"
                             alt="FSZ - Schulzentrum Friesach, Außenansicht"
                             width="1024"
                             height="1536">
                                    </picture>
                                    </div>
    
            <div class="project-intro__body1" data-aos="fade-up" data-aos-once="true">
                            <h2 class="project-intro__body1-title">Beschreibung</h2>
                        <p>GENERALSANIERUNG UND ADAPTIERUNG</p>
<p>Basis der Planung war ein geladener Wettbewerb im Mai 2012. Mit einer Bauzeit von vier Monaten wurde im Sommer 2013 der Neubau, und in einer Bauzeit von zwei Monaten der gesamte Umbau vorgenommen. Im Sommer 2014 wurde der zweite Bauabschnitt, die Sanierung des Turnsaales, realisiert. Der sehr enge Zeitrahmen und das ursprünglich angesetzte Budget konnten durch das gute Zusammenspiel aller Beteiligten eingehalten werden. </p>
<p>Die Neue Mittelschule in Friesach wurde durch den Einzug der Volksschule zu einem Schulzentrum erweitert. Im Zuge dieser Um- und Zubauten wurde die Schulanlage saniert.</p>
<p>Ziel war es, einen einladenden Außenraum, einen fließenden Übergang von außen nach innen zu schaffen, um Schwellen und Barrieren aufzulösen. Dazu wurde eine breite Rampe errichtet, welche alle Schüler in das neue Schulzentrum leitet. Das Identität stiftende Kunstwerk, „die zwei Stiere“ von Mag. Heinz Glawischnig, konnte in die neue Wegeführung integriert werden.</p>
<p>Durch den Einzug der Volksschule in das Schulzentrum wurden zusätzliche Klassenräume und eine weitere Direktion benötigt. Da der Hauptbaukörper der Schule bislang einhüftig ausgeführt war, konnte der bestehende Hauptgang dafür verwendet werden die neuen Räume zu erschließen. Es wurde die Tragstruktur der Schule aufgenommen und weitergeführt. </p>

        </div>
    
    
    </div>
</section>

<section id='lightpress__section--block_a23632a2f2f2db0f9de1410d11199f6b' class='lightpress__section--full-width lightpress__section lightpress__section--spacer' data-scroll-section><div class="spacer spacer--"></div></section>

<section id='lightpress__section--block_ce67bb06c6c4e4b1d6ba46d61ab767f2' class='lightpress__section--full-width lightpress__section lightpress__section--image' data-scroll-section><div class="image limited-grid image--full">
    <div class="image__image" data-aos="fade-up" data-aos-once="true">
                                            <picture>
                                    <source srcset="https://www.spado.at/wp-content/uploads/FSZ_kuball_c_spado1.webp" type="image/webp">
                    <img decoding="async" loading="lazy" src="https://www.spado.at/wp-content/uploads/FSZ_kuball_c_spado1.jpg" alt="FSZ - Schulzentrum Friesach, Außenansicht"
                         width=""
                         height="">
                            </picture>
                        </div>
    </div></section>

<section id='lightpress__section--block_a23632a2f2f2db0f9de1410d11199f6b' class='lightpress__section--full-width lightpress__section lightpress__section--spacer' data-scroll-section><div class="spacer spacer--"></div></section>

<section id='lightpress__section--block_f244f816f837f905b5c4faa192f5e19a' class='lightpress__section--full-width lightpress__section lightpress__section--project-intro' data-scroll-section><div class="project-intro limited-grid project-intro--single project-intro--center">
    
    
            <div class="project-intro__body2" data-aos="fade-up" data-aos-delay="200" data-aos-once="true">
            <p>In dem neu geschaffenen Trakt konnte Platz für die neue Aula, offene Lernzonen und eine überdachte Terrasse geschaffen werden.</p>
<p>Die bisherige Formensprache und Materialität der Schule wurde weitergeführt und stärker hervorgehoben. Die Hauptbaukörper sind mit der Giebelfront zu Straße orientiert und zeichnen sich für den Ankommenden als zwei eigenständige Gebäude ab. Die Farbe Weiß wurde für diese Bauten beibehalten. Der niedrige Mittelbaukörper mit der Bibliothek und der Direktion der Neuen Mittelschule stellt die Verbindungsbrücke zwischen den beiden Hauptbaukörpern dar. Besonders das Erdgeschoss sollte offen, hell und transparent wirken.</p>

        </div>
    
            <div class="project-intro__image2" data-aos="fade-up" data-aos-delay="200" data-aos-once="true">
                                        <picture>
                                            <source srcset="https://www.spado.at/wp-content/uploads/FSZ_kuball_c_spado3-1024x1536.webp" type="image/webp">
                        <img decoding="async" loading="lazy" src="https://www.spado.at/wp-content/uploads/FSZ_kuball_c_spado3-1024x1536.jpg"
                             alt="FSZ - Schulzentrum Friesach, Eingangsbereich"
                             width="1024"
                             height="1536">
                                                        </div>
    </div>
</section>

<section id='lightpress__section--block_a23632a2f2f2db0f9de1410d11199f6b' class='lightpress__section--full-width lightpress__section lightpress__section--spacer' data-scroll-section><div class="spacer spacer--"></div></section>

<section id='lightpress__section--block_1f989e62970e0c166b1718e80c373938' class='lightpress__section--full-width lightpress__section lightpress__section--image-text' data-scroll-section><div class="image-text limited-grid ">
    <div class="image-text__body" data-aos="fade-up" 
         data-aos-once="true">
        <p>Abb. 1</p>
<p>Grundriss EG</p>

    </div>
            <div class="image-text__image" data-aos="fade-up" data-aos-delay="100"
             data-aos-once="true">
                                        <picture>
                                            <source srcset="https://www.spado.at/wp-content/uploads/FSZ_grundriss_EG_c_spado-e1665658489693.webp" type="image/webp">
                        <img decoding="async" loading="lazy" src="https://www.spado.at/wp-content/uploads/FSZ_grundriss_EG_c_spado-e1665658489693.jpg"
                             alt="FSZ - Schulzentrum Friesach, Grundriss, EG"
                             width="1531"
                             height="1531">
                                    </picture>
                        </div>
    </div></section>

<section id='lightpress__section--block_a23632a2f2f2db0f9de1410d11199f6b' class='lightpress__section--full-width lightpress__section lightpress__section--spacer' data-scroll-section><div class="spacer spacer--"></div></section>

<section id='lightpress__section--block_622e99dd2b05337c39df7587daf3bb6a' class='lightpress__section--full-width lightpress__section lightpress__section--image-image' data-scroll-section><div class="image-image limited-grid image-image--center">
            <div class="image-image__image1" data-aos="fade-up" data-aos-once="true">
                                        <picture>
                                            <source srcset="https://www.spado.at/wp-content/uploads/FSZ_kuball_c_spado7-1536x1024.webp" type="image/webp">
                        <img decoding="async" loading="lazy" src="https://www.spado.at/wp-content/uploads/FSZ_kuball_c_spado7-1536x1024.jpg"
                             alt="FSZ - Schulzentrum Friesach, Aula"
                             width="1536"
                             height="1024">
                                    </picture>
                
                    </div>
    
            <div class="image-image__description" data-aos="fade-up" data-aos-once="true">
            <p>Abb. 2<br />Die Innenraumgestaltung folgte dem Gedanken eine freundliche und offene Atmosphäre zu schaffen. Man sollte das Gefühl haben in einen Ort des Wissens und Lernens einzutauchen.</p>

        </div>
     

            <div class="image-image__image2" data-aos="fade-up" data-aos-delay="100" data-aos-once="true">
                                        <picture>
                                            <source srcset="https://www.spado.at/wp-content/uploads/FSZ_kuball_c_spado8-1536x1024.webp" type="image/webp">
                        <img decoding="async" loading="lazy" src="https://www.spado.at/wp-content/uploads/FSZ_kuball_c_spado8-1536x1024.jpg"
                             alt="FSZ - Schulzentrum Friesach, Werkraum"
                             width="1536"
                             height="1024">
                                    </picture>
                
                    </div>
    
            <div class="image-image__description2" data-aos="fade-up" data-aos-once="true">
            <p>Abb. 3<br />Es wurden warme Farbtöne gewählt und neue Fenster aus Holz eingesetzt.  </p>

        </div>
    </div></section>

<section id='lightpress__section--block_a23632a2f2f2db0f9de1410d11199f6b' class='lightpress__section--full-width lightpress__section lightpress__section--spacer' data-scroll-section><div class="spacer spacer--"></div></section>

<section id='lightpress__section--block_daa1ef1fe131b87ded6a4b335d4d13b3' class='lightpress__section--full-width lightpress__section lightpress__section--image' data-scroll-section><div class="image limited-grid image--center">
    <div class="image__image" data-aos="fade-up" data-aos-once="true">
                                            <picture>
                                    <source srcset="https://www.spado.at/wp-content/uploads/FSZ_kuball_c_spado4.webp" type="image/webp">
                    <img decoding="async" loading="lazy" src="https://www.spado.at/wp-content/uploads/FSZ_kuball_c_spado4.jpg" alt="FSZ - Schulzentrum Friesach, Außenansicht"
                         width=""
                         height="">
                            </picture>
                        </div>
    </div></section>

<section id='lightpress__section--block_d9712785ede42c930574ed34489e12a6' class='lightpress__section--full-width lightpress__section lightpress__section--spacer' data-scroll-section><div class="spacer spacer--small"></div></section>
