{"id":553,"date":"2022-09-29T09:38:32","date_gmt":"2022-09-29T07:38:32","guid":{"rendered":"https:\/\/spado-architects.flywheelsites.com\/?post_type=project&#038;p=553"},"modified":"2022-11-17T16:35:40","modified_gmt":"2022-11-17T14:35:40","slug":"stadthaeuser-st-veit","status":"publish","type":"project","link":"https:\/\/www.spado.at\/en\/projekte\/stadthaeuser-st-veit\/","title":{"rendered":"Stadth\u00e4user  St. Veit"},"content":{"rendered":"<section id='lightpress__section--block_c505261123a7e6502ab9feaa07a06229' class='lightpress__section--full-width lightpress__section lightpress__section--spacer' data-scroll-section><div class=\"spacer spacer--small\"><\/div><\/section>\n\n<section id='lightpress__section--block_cc77e1785e0a7b4218f68c384d0246fe' class='lightpress__section--full-width lightpress__section lightpress__section--project-intro' data-scroll-section><div class=\"project-intro limited-grid project-intro--single\">\n                    <div class=\"project-intro__image1\" data-aos=\"fade-up\" data-aos-once=\"true\">\n                            <picture>\n                                            <source srcset=\"https:\/\/www.spado.at\/wp-content\/uploads\/WSA_modellansicht_c_spado1.webp\" type=\"image\/webp\">\n                        <img decoding=\"async\" loading=\"lazy\" src=\"https:\/\/www.spado.at\/wp-content\/uploads\/WSA_modellansicht_c_spado1.jpg\"\n                             alt=\"Stadth\u00e4user St. Veit, Modellansicht von oben\"\n                             width=\"886\"\n                             height=\"886\">\n                                    <\/picture>\n                                    <\/div>\n    \n            <div class=\"project-intro__body1\" data-aos=\"fade-up\" data-aos-once=\"true\">\n                            <h2 class=\"project-intro__body1-title\">Beschreibung<\/h2>\n                        <p>Das zu bebauende Grundst\u00fcck befindet sich nord\u00f6stlich der Stadtmauer von St. Veit an der Glan und somit in absoluter Zentrumsn\u00e4he. Das Grundst\u00fcck hat die Form eines Dreiecks, verj\u00fcngt sich nach Norden hin und ist allseitig von einer ca. 2 m hohen Mauer umschlossen. Im Osten befindet sich ein vor wenigen Jahren errichtetes Parkhaus, das etwa dreigeschossig hoch ist. Als Bebauungsform wurden nach eingehender Untersuchung und mehreren Studien zwei Punkth\u00e4user gew\u00e4hlt.\u00a0<\/p>\n<p>Die Bauk\u00f6rper f\u00fcgen sich in das st\u00e4dtebauliche Gef\u00fcge ein und sind ein ma\u00dfst\u00e4blicher \u00dcbergang zwischen dem Parkhaus im Osten und den kleinstrukturierten Wohnh\u00e4usern im Westen.<\/p>\n<p>Der zentrale fu\u00dfl\u00e4ufige Durchgang durchbricht die Abgeschlossenheit des Gel\u00e4ndes und verkn\u00fcpft die Geb\u00e4ude mit dem st\u00e4dtebaulichen Kontext.<\/p>\n\n        <\/div>\n    \n    \n    <\/div>\n<\/section>\n\n<section id='lightpress__section--block_f033d6b0951f03c9b3a4730fedb2dd91' class='lightpress__section--full-width lightpress__section lightpress__section--spacer' data-scroll-section><div class=\"spacer\"><\/div><\/section>\n\n<section id='lightpress__section--block_32731665f194dc348174d34e4c4a6224' class='lightpress__section--full-width lightpress__section lightpress__section--image' data-scroll-section><div class=\"image limited-grid image--center\">\n    <div class=\"image__image\" data-aos=\"fade-up\" data-aos-once=\"true\">\n                                            <picture>\n                                    <source srcset=\"https:\/\/www.spado.at\/wp-content\/uploads\/WSA_kuball_c_spado1.webp\" type=\"image\/webp\">\n                    <img decoding=\"async\" loading=\"lazy\" src=\"https:\/\/www.spado.at\/wp-content\/uploads\/WSA_kuball_c_spado1.jpg\" alt=\"Stadth\u00e4user St. Veit, Ansicht von Stra\u00dfe\"\n                         width=\"\"\n                         height=\"\">\n                            <\/picture>\n                        <\/div>\n    <\/div><\/section>\n\n<section id='lightpress__section--block_6b4e91734eb67f5a9ebf5e6d2c48729d' class='lightpress__section--full-width lightpress__section lightpress__section--spacer' data-scroll-section><div class=\"spacer spacer--\"><\/div><\/section>\n\n<section id='lightpress__section--block_ba323a3000c0beb2fb61810a7de1a3f6' class='lightpress__section--full-width lightpress__section lightpress__section--image-image' data-scroll-section><div class=\"image-image limited-grid image-image--center\">\n            <div class=\"image-image__image1\" data-aos=\"fade-up\" data-aos-once=\"true\">\n                                        <picture>\n                                            <source srcset=\"https:\/\/www.spado.at\/wp-content\/uploads\/WSA_modellansicht_c_spado2.webp\" type=\"image\/webp\">\n                        <img decoding=\"async\" loading=\"lazy\" src=\"https:\/\/www.spado.at\/wp-content\/uploads\/WSA_modellansicht_c_spado2.jpg\"\n                             alt=\"Stadth\u00e4user St. Veit, Modellansicht\"\n                             width=\"886\"\n                             height=\"886\">\n                                    <\/picture>\n                \n                    <\/div>\n    \n            <div class=\"image-image__description\" data-aos=\"fade-up\" data-aos-once=\"true\">\n            <p>Abb. 1<br \/>Die beiden Punkth\u00e4user werden als Stadth\u00e4user ausformuliert, die sich durch ein gro\u00dfz\u00fcgiges Entr\u00e9e und Stiegenhaus auszeichnen und deren Grundrisse flexibel und vielf\u00e4ltig gestaltbar sind.<\/p>\n\n        <\/div>\n     \n\n            <div class=\"image-image__image2\" data-aos=\"fade-up\" data-aos-delay=\"100\" data-aos-once=\"true\">\n                                        <picture>\n                                            <source srcset=\"https:\/\/www.spado.at\/wp-content\/uploads\/WSA_grundriss_OG1_c_spado1-1536x1536.webp\" type=\"image\/webp\">\n                        <img decoding=\"async\" loading=\"lazy\" src=\"https:\/\/www.spado.at\/wp-content\/uploads\/WSA_grundriss_OG1_c_spado1-1536x1536.png\"\n                             alt=\"Stadth\u00e4user St. Veit, Grundriss OG1\"\n                             width=\"1536\"\n                             height=\"1536\">\n                                    <\/picture>\n                \n                    <\/div>\n    \n            <div class=\"image-image__description2\" data-aos=\"fade-up\" data-aos-once=\"true\">\n            <p>Abb. 2<br \/>Die H\u00e4user sind jeweils um das Stiegenhaus herum organisiert. An dessen Erschlie\u00dfungskern angelagert sind in den Wohnungen selbst nur die Neben- und Nassr\u00e4ume, w\u00e4hrend die Zimmer an der Fassade liegen. Mit einfachen Mitteln k\u00f6nnen einzelne R\u00e4ume jederzeit weggelassen bzw. hinzugef\u00fcgt werden.\u00a0<\/p>\n\n        <\/div>\n    <\/div><\/section>\n\n<section id='lightpress__section--block_f033d6b0951f03c9b3a4730fedb2dd91' class='lightpress__section--full-width lightpress__section lightpress__section--spacer' data-scroll-section><div class=\"spacer\"><\/div><\/section>\n\n<section id='lightpress__section--block_f745feef9b31d432e6b51de690f25797' class='lightpress__section--full-width lightpress__section lightpress__section--project-intro' data-scroll-section><div class=\"project-intro limited-grid project-intro--single project-intro--center\">\n    \n    \n            <div class=\"project-intro__body2\" data-aos=\"fade-up\" data-aos-delay=\"200\" data-aos-once=\"true\">\n            <p>Dem Erschlie\u00dfungskern wurde ebenfalls verst\u00e4rkte Aufmerksamkeit geschenkt. Die innere Zone wird qualitativ entscheidend aufgewertet. Dadurch konnte eine Atmosph\u00e4re geschaffen werden, die noch einmal den \u00dcbergang zwischen au\u00dfen und innen, \u00f6ffentlich und privat thematisiert.\u00a0<\/p>\n<p>Jede Wohnung verf\u00fcgt \u00fcber einen privaten Au\u00dfenraum, wobei besonders auf die entsprechende Gr\u00f6\u00dfe und die Uneinsehbarkeit durch die Nachbarn geachtet wurde.<\/p>\n\n        <\/div>\n    \n            <div class=\"project-intro__image2\" data-aos=\"fade-up\" data-aos-delay=\"200\" data-aos-once=\"true\">\n                                        <picture>\n                                            <source srcset=\"https:\/\/www.spado.at\/wp-content\/uploads\/WSA_kuball_c_spado5-1024x1536.webp\" type=\"image\/webp\">\n                        <img decoding=\"async\" loading=\"lazy\" src=\"https:\/\/www.spado.at\/wp-content\/uploads\/WSA_kuball_c_spado5-1024x1536.jpg\"\n                             alt=\"Stadth\u00e4user St. Veit, Stiegenhaus\"\n                             width=\"1024\"\n                             height=\"1536\">\n                                                        <\/div>\n    <\/div>\n<\/section>\n\n<section id='lightpress__section--block_6b4e91734eb67f5a9ebf5e6d2c48729d' class='lightpress__section--full-width lightpress__section lightpress__section--spacer' data-scroll-section><div class=\"spacer spacer--\"><\/div><\/section>\n\n<section id='lightpress__section--block_fc90df58fa51bcd310dcb76d14cf0b52' class='lightpress__section--full-width lightpress__section lightpress__section--image' data-scroll-section><div class=\"image limited-grid image--full\">\n    <div class=\"image__image\" data-aos=\"fade-up\" data-aos-once=\"true\">\n                                            <picture>\n                                    <source srcset=\"\" type=\"image\/webp\">\n                    <img decoding=\"async\" loading=\"lazy\" src=\"\" alt=\"\"\n                         width=\"\"\n                         height=\"\">\n                            <\/picture>\n                        <\/div>\n    <\/div><\/section>\n\n<section id='lightpress__section--block_9cf856919e601ef1b1386b8b1fd52edc' class='lightpress__section--full-width lightpress__section lightpress__section--image' data-scroll-section><div class=\"image limited-grid image--full\">\n    <div class=\"image__image\" data-aos=\"fade-up\" data-aos-once=\"true\">\n                                            <picture>\n                                    <source srcset=\"https:\/\/www.spado.at\/wp-content\/uploads\/WSA_kuball_c_spado3-1.webp\" type=\"image\/webp\">\n                    <img decoding=\"async\" loading=\"lazy\" src=\"https:\/\/www.spado.at\/wp-content\/uploads\/WSA_kuball_c_spado3-1.jpg\" alt=\"Stadth\u00e4user St. Veit, Wohnung Innenansicht\"\n                         width=\"\"\n                         height=\"\">\n                            <\/picture>\n                        <\/div>\n    <\/div><\/section>\n\n<section id='lightpress__section--block_c505261123a7e6502ab9feaa07a06229' class='lightpress__section--full-width lightpress__section lightpress__section--spacer' data-scroll-section><div class=\"spacer spacer--small\"><\/div><\/section>","protected":false},"excerpt":{"rendered":"","protected":false},"featured_media":544,"template":"","meta":[],"class_list":["post-553","project","type-project","status-publish","has-post-thumbnail","hentry"],"acf":[],"_links":{"self":[{"href":"https:\/\/www.spado.at\/en\/wp-json\/wp\/v2\/project\/553","targetHints":{"allow":["GET"]}}],"collection":[{"href":"https:\/\/www.spado.at\/en\/wp-json\/wp\/v2\/project"}],"about":[{"href":"https:\/\/www.spado.at\/en\/wp-json\/wp\/v2\/types\/project"}],"wp:featuredmedia":[{"embeddable":true,"href":"https:\/\/www.spado.at\/en\/wp-json\/wp\/v2\/media\/544"}],"wp:attachment":[{"href":"https:\/\/www.spado.at\/en\/wp-json\/wp\/v2\/media?parent=553"}],"curies":[{"name":"wp","href":"https:\/\/api.w.org\/{rel}","templated":true}]}}

Stadthäuser  St. Veit

<section id='lightpress__section--block_c505261123a7e6502ab9feaa07a06229' class='lightpress__section--full-width lightpress__section lightpress__section--spacer' data-scroll-section><div class="spacer spacer--small"></div></section>

<section id='lightpress__section--block_cc77e1785e0a7b4218f68c384d0246fe' class='lightpress__section--full-width lightpress__section lightpress__section--project-intro' data-scroll-section><div class="project-intro limited-grid project-intro--single">
                    <div class="project-intro__image1" data-aos="fade-up" data-aos-once="true">
                            <picture>
                                            <source srcset="https://www.spado.at/wp-content/uploads/WSA_modellansicht_c_spado1.webp" type="image/webp">
                        <img decoding="async" loading="lazy" src="https://www.spado.at/wp-content/uploads/WSA_modellansicht_c_spado1.jpg"
                             alt="Stadthäuser St. Veit, Modellansicht von oben"
                             width="886"
                             height="886">
                                    </picture>
                                    </div>
    
            <div class="project-intro__body1" data-aos="fade-up" data-aos-once="true">
                            <h2 class="project-intro__body1-title">Beschreibung</h2>
                        <p>Das zu bebauende Grundstück befindet sich nordöstlich der Stadtmauer von St. Veit an der Glan und somit in absoluter Zentrumsnähe. Das Grundstück hat die Form eines Dreiecks, verjüngt sich nach Norden hin und ist allseitig von einer ca. 2 m hohen Mauer umschlossen. Im Osten befindet sich ein vor wenigen Jahren errichtetes Parkhaus, das etwa dreigeschossig hoch ist. Als Bebauungsform wurden nach eingehender Untersuchung und mehreren Studien zwei Punkthäuser gewählt. </p>
<p>Die Baukörper fügen sich in das städtebauliche Gefüge ein und sind ein maßstäblicher Übergang zwischen dem Parkhaus im Osten und den kleinstrukturierten Wohnhäusern im Westen.</p>
<p>Der zentrale fußläufige Durchgang durchbricht die Abgeschlossenheit des Geländes und verknüpft die Gebäude mit dem städtebaulichen Kontext.</p>

        </div>
    
    
    </div>
</section>

<section id='lightpress__section--block_f033d6b0951f03c9b3a4730fedb2dd91' class='lightpress__section--full-width lightpress__section lightpress__section--spacer' data-scroll-section><div class="spacer"></div></section>

<section id='lightpress__section--block_32731665f194dc348174d34e4c4a6224' class='lightpress__section--full-width lightpress__section lightpress__section--image' data-scroll-section><div class="image limited-grid image--center">
    <div class="image__image" data-aos="fade-up" data-aos-once="true">
                                            <picture>
                                    <source srcset="https://www.spado.at/wp-content/uploads/WSA_kuball_c_spado1.webp" type="image/webp">
                    <img decoding="async" loading="lazy" src="https://www.spado.at/wp-content/uploads/WSA_kuball_c_spado1.jpg" alt="Stadthäuser St. Veit, Ansicht von Straße"
                         width=""
                         height="">
                            </picture>
                        </div>
    </div></section>

<section id='lightpress__section--block_6b4e91734eb67f5a9ebf5e6d2c48729d' class='lightpress__section--full-width lightpress__section lightpress__section--spacer' data-scroll-section><div class="spacer spacer--"></div></section>

<section id='lightpress__section--block_ba323a3000c0beb2fb61810a7de1a3f6' class='lightpress__section--full-width lightpress__section lightpress__section--image-image' data-scroll-section><div class="image-image limited-grid image-image--center">
            <div class="image-image__image1" data-aos="fade-up" data-aos-once="true">
                                        <picture>
                                            <source srcset="https://www.spado.at/wp-content/uploads/WSA_modellansicht_c_spado2.webp" type="image/webp">
                        <img decoding="async" loading="lazy" src="https://www.spado.at/wp-content/uploads/WSA_modellansicht_c_spado2.jpg"
                             alt="Stadthäuser St. Veit, Modellansicht"
                             width="886"
                             height="886">
                                    </picture>
                
                    </div>
    
            <div class="image-image__description" data-aos="fade-up" data-aos-once="true">
            <p>Abb. 1<br />Die beiden Punkthäuser werden als Stadthäuser ausformuliert, die sich durch ein großzügiges Entrée und Stiegenhaus auszeichnen und deren Grundrisse flexibel und vielfältig gestaltbar sind.</p>

        </div>
     

            <div class="image-image__image2" data-aos="fade-up" data-aos-delay="100" data-aos-once="true">
                                        <picture>
                                            <source srcset="https://www.spado.at/wp-content/uploads/WSA_grundriss_OG1_c_spado1-1536x1536.webp" type="image/webp">
                        <img decoding="async" loading="lazy" src="https://www.spado.at/wp-content/uploads/WSA_grundriss_OG1_c_spado1-1536x1536.png"
                             alt="Stadthäuser St. Veit, Grundriss OG1"
                             width="1536"
                             height="1536">
                                    </picture>
                
                    </div>
    
            <div class="image-image__description2" data-aos="fade-up" data-aos-once="true">
            <p>Abb. 2<br />Die Häuser sind jeweils um das Stiegenhaus herum organisiert. An dessen Erschließungskern angelagert sind in den Wohnungen selbst nur die Neben- und Nassräume, während die Zimmer an der Fassade liegen. Mit einfachen Mitteln können einzelne Räume jederzeit weggelassen bzw. hinzugefügt werden. </p>

        </div>
    </div></section>

<section id='lightpress__section--block_f033d6b0951f03c9b3a4730fedb2dd91' class='lightpress__section--full-width lightpress__section lightpress__section--spacer' data-scroll-section><div class="spacer"></div></section>

<section id='lightpress__section--block_f745feef9b31d432e6b51de690f25797' class='lightpress__section--full-width lightpress__section lightpress__section--project-intro' data-scroll-section><div class="project-intro limited-grid project-intro--single project-intro--center">
    
    
            <div class="project-intro__body2" data-aos="fade-up" data-aos-delay="200" data-aos-once="true">
            <p>Dem Erschließungskern wurde ebenfalls verstärkte Aufmerksamkeit geschenkt. Die innere Zone wird qualitativ entscheidend aufgewertet. Dadurch konnte eine Atmosphäre geschaffen werden, die noch einmal den Übergang zwischen außen und innen, öffentlich und privat thematisiert. </p>
<p>Jede Wohnung verfügt über einen privaten Außenraum, wobei besonders auf die entsprechende Größe und die Uneinsehbarkeit durch die Nachbarn geachtet wurde.</p>

        </div>
    
            <div class="project-intro__image2" data-aos="fade-up" data-aos-delay="200" data-aos-once="true">
                                        <picture>
                                            <source srcset="https://www.spado.at/wp-content/uploads/WSA_kuball_c_spado5-1024x1536.webp" type="image/webp">
                        <img decoding="async" loading="lazy" src="https://www.spado.at/wp-content/uploads/WSA_kuball_c_spado5-1024x1536.jpg"
                             alt="Stadthäuser St. Veit, Stiegenhaus"
                             width="1024"
                             height="1536">
                                                        </div>
    </div>
</section>

<section id='lightpress__section--block_6b4e91734eb67f5a9ebf5e6d2c48729d' class='lightpress__section--full-width lightpress__section lightpress__section--spacer' data-scroll-section><div class="spacer spacer--"></div></section>

<section id='lightpress__section--block_fc90df58fa51bcd310dcb76d14cf0b52' class='lightpress__section--full-width lightpress__section lightpress__section--image' data-scroll-section><div class="image limited-grid image--full">
    <div class="image__image" data-aos="fade-up" data-aos-once="true">
                                            <picture>
                                    <source srcset="" type="image/webp">
                    <img decoding="async" loading="lazy" src="" alt=""
                         width=""
                         height="">
                            </picture>
                        </div>
    </div></section>

<section id='lightpress__section--block_9cf856919e601ef1b1386b8b1fd52edc' class='lightpress__section--full-width lightpress__section lightpress__section--image' data-scroll-section><div class="image limited-grid image--full">
    <div class="image__image" data-aos="fade-up" data-aos-once="true">
                                            <picture>
                                    <source srcset="https://www.spado.at/wp-content/uploads/WSA_kuball_c_spado3-1.webp" type="image/webp">
                    <img decoding="async" loading="lazy" src="https://www.spado.at/wp-content/uploads/WSA_kuball_c_spado3-1.jpg" alt="Stadthäuser St. Veit, Wohnung Innenansicht"
                         width=""
                         height="">
                            </picture>
                        </div>
    </div></section>

<section id='lightpress__section--block_c505261123a7e6502ab9feaa07a06229' class='lightpress__section--full-width lightpress__section lightpress__section--spacer' data-scroll-section><div class="spacer spacer--small"></div></section>
