{"id":1132,"date":"2023-02-15T13:32:22","date_gmt":"2023-02-15T11:32:22","guid":{"rendered":"https:\/\/www.spado.at\/?post_type=project&#038;p=1132"},"modified":"2023-03-20T15:08:18","modified_gmt":"2023-03-20T13:08:18","slug":"haus-sps","status":"publish","type":"project","link":"https:\/\/www.spado.at\/en\/projekte\/haus-sps\/","title":{"rendered":"Haus SPS"},"content":{"rendered":"<section id='lightpress__section--block_a93067a9fd9ed5c10b11e3ff8eaa2b6d' class='lightpress__section--full-width lightpress__section lightpress__section--spacer' data-scroll-section><div class=\"spacer spacer--small\"><\/div><\/section>\n\n<section id='lightpress__section--block_75a0bcd85cc16b6f4fed998d2505caeb' class='lightpress__section--full-width lightpress__section lightpress__section--project-intro' data-scroll-section><div class=\"project-intro limited-grid\">\n                    <div class=\"project-intro__image1\" data-aos=\"fade-up\" data-aos-once=\"true\">\n                            <picture>\n                                            <source srcset=\"https:\/\/www.spado.at\/wp-content\/uploads\/SPS_kuball_c_spado_5_auswahl-1-1536x1024.jpg\" type=\"image\/webp\">\n                        <img decoding=\"async\" loading=\"lazy\" src=\"https:\/\/www.spado.at\/wp-content\/uploads\/SPS_kuball_c_spado_5_auswahl-1-1536x1024.jpg\"\n                             alt=\"Haus SPS, Au\u00dfenansicht\"\n                             width=\"1536\"\n                             height=\"1024\">\n                                    <\/picture>\n                                    <\/div>\n    \n            <div class=\"project-intro__body1\" data-aos=\"fade-up\" data-aos-once=\"true\">\n                            <h2 class=\"project-intro__body1-title\">Beschreibung<\/h2>\n                        <p>Das Grundst\u00fcck bildet die nordwestliche Ecke einer bestehenden Einfamilienhaussiedlung, die sich in einer ausgesprochenen Ruhe- und Naturlage unweit eines Mittelk\u00e4rntner Badesees befindet. Im Osten verl\u00e4uft der Erschlie\u00dfungsweg, Richtung Westen grenzen Wiesen und Wald an das Grundst\u00fcck. Von Osten nach Westen f\u00e4llt das Gel\u00e4nde um etwa ein Gescho\u00df hin ab.<\/p>\n\n        <\/div>\n    \n            <div class=\"project-intro__body2\" data-aos=\"fade-up\" data-aos-delay=\"200\" data-aos-once=\"true\">\n            <p>Das Wohngeb\u00e4ude wurde als L-f\u00f6rmiger Bauk\u00f6rper konzipiert, der nach Osten hin einen R\u00fccken bildet und sich nach S\u00fcdwesten mit einer schwebenden Terrasse in Richtung Naturlandschaft \u00f6ffnet. Im Norden, entlang des Weges, wurde ein Nebengeb\u00e4ude samt Carport situiert, durch welches die Privatheit nach Westen hin nochmals verst\u00e4rkt wird.<\/p>\n<p>Die beiden Balken des Hauses weisen unterschiedliche Raumh\u00f6hen auf. \u00a0Im Nord-S\u00fcd verlaufenden Riegel, der 2,60 m Raumh\u00f6he aufweist, sind die privateren Funktionen des Hauses (Schlafen, Bad, Sauna, etc.) untergebracht.\u00a0<\/p>\n\n        <\/div>\n    \n            <div class=\"project-intro__image2\" data-aos=\"fade-up\" data-aos-delay=\"200\" data-aos-once=\"true\">\n                                        <picture>\n                                            <source srcset=\"https:\/\/www.spado.at\/wp-content\/uploads\/SPS_kuball_c_spado_1-1-1536x1024.jpg\" type=\"image\/webp\">\n                        <img decoding=\"async\" loading=\"lazy\" src=\"https:\/\/www.spado.at\/wp-content\/uploads\/SPS_kuball_c_spado_1-1-1536x1024.jpg\"\n                             alt=\"Haus SPS, Au\u00dfenansicht\"\n                             width=\"1536\"\n                             height=\"1024\">\n                                                        <\/div>\n    <\/div>\n<\/section>\n\n<section id='lightpress__section--block_36a48ff8e3d2f3f04c99171b6d33c175' class='lightpress__section--full-width lightpress__section lightpress__section--spacer' data-scroll-section><div class=\"spacer\"><\/div><\/section>\n\n<section id='lightpress__section--block_2a72399b79d22b5bf11fd6180068f439' class='lightpress__section--full-width lightpress__section lightpress__section--image-image' data-scroll-section><div class=\"image-image limited-grid\">\n            <div class=\"image-image__image1\" data-aos=\"fade-up\" data-aos-once=\"true\">\n                                        <picture>\n                                            <source srcset=\"https:\/\/www.spado.at\/wp-content\/uploads\/SPS_kuball_c_spado_7-1024x1536.jpg\" type=\"image\/webp\">\n                        <img decoding=\"async\" loading=\"lazy\" src=\"https:\/\/www.spado.at\/wp-content\/uploads\/SPS_kuball_c_spado_7-1024x1536.jpg\"\n                             alt=\"Haus SPS, Au\u00dfenansicht, Detail\"\n                             width=\"1024\"\n                             height=\"1536\">\n                                    <\/picture>\n                \n                            <div class=\"image-image__description\" data-aos=\"fade-up\" data-aos-once=\"true\">\n                    <p>Abb.\u00a0 1<br \/>Der Ost-West Balken, in welchem die Funktionen Wohnen-Kochen-Essen untergebracht sind, ist mit 4,20 m Raumh\u00f6he und umlaufenden Oberlichtband der gro\u00dfz\u00fcgige und lichtdurchflutete Zentralraum des Hauses. Ein weit ausladendes umlaufendes Vordach sorgt f\u00fcr Beschattung und schafft einen horizontalen \u00dcbergang in die Landschaft.<\/p>\n\n                <\/div>\n                    <\/div>\n    \n     \n\n            <div class=\"image-image__image2\" data-aos=\"fade-up\" data-aos-delay=\"100\" data-aos-once=\"true\">\n                                        <picture>\n                                            <source srcset=\"https:\/\/www.spado.at\/wp-content\/uploads\/SPS_kuball_c_spado_3-1024x1536.jpg\" type=\"image\/webp\">\n                        <img decoding=\"async\" loading=\"lazy\" src=\"https:\/\/www.spado.at\/wp-content\/uploads\/SPS_kuball_c_spado_3-1024x1536.jpg\"\n                             alt=\"Haus SPS, Stiege im Au\u00dfenbereich\"\n                             width=\"1024\"\n                             height=\"1536\">\n                                    <\/picture>\n                \n                            <div class=\"image-image__description2\" data-aos=\"fade-up\" data-aos-once=\"true\">\n                    <p>Abb.\u00a0 2<br \/>\u00dcber eine Freitreppe, die in die Terrasse eingeschnitten wurde, ist die Wohnebene mit dem Naturraum verbunden.<\/p>\n\n                <\/div>\n                    <\/div>\n    \n    <\/div><\/section>\n\n<section id='lightpress__section--block_36a48ff8e3d2f3f04c99171b6d33c175' class='lightpress__section--full-width lightpress__section lightpress__section--spacer' data-scroll-section><div class=\"spacer\"><\/div><\/section>\n\n<section id='lightpress__section--block_0e851d279b95755b1e73846192e92373' class='lightpress__section--full-width lightpress__section lightpress__section--image' data-scroll-section><div class=\"image limited-grid image--full\">\n    <div class=\"image__image\" data-aos=\"fade-up\" data-aos-once=\"true\">\n                                            <picture>\n                                    <source srcset=\"https:\/\/www.spado.at\/wp-content\/uploads\/SPS_kuball_c_spado_2-1.jpg\" type=\"image\/webp\">\n                    <img decoding=\"async\" loading=\"lazy\" src=\"https:\/\/www.spado.at\/wp-content\/uploads\/SPS_kuball_c_spado_2-1.jpg\" alt=\"Haus SPS, Au\u00dfenansicht\"\n                         width=\"\"\n                         height=\"\">\n                            <\/picture>\n                        <\/div>\n    <\/div><\/section>\n\n<section id='lightpress__section--block_a93067a9fd9ed5c10b11e3ff8eaa2b6d' class='lightpress__section--full-width lightpress__section lightpress__section--spacer' data-scroll-section><div class=\"spacer spacer--small\"><\/div><\/section>","protected":false},"excerpt":{"rendered":"","protected":false},"featured_media":1146,"template":"","meta":[],"class_list":["post-1132","project","type-project","status-publish","has-post-thumbnail","hentry"],"acf":[],"_links":{"self":[{"href":"https:\/\/www.spado.at\/en\/wp-json\/wp\/v2\/project\/1132","targetHints":{"allow":["GET"]}}],"collection":[{"href":"https:\/\/www.spado.at\/en\/wp-json\/wp\/v2\/project"}],"about":[{"href":"https:\/\/www.spado.at\/en\/wp-json\/wp\/v2\/types\/project"}],"wp:featuredmedia":[{"embeddable":true,"href":"https:\/\/www.spado.at\/en\/wp-json\/wp\/v2\/media\/1146"}],"wp:attachment":[{"href":"https:\/\/www.spado.at\/en\/wp-json\/wp\/v2\/media?parent=1132"}],"curies":[{"name":"wp","href":"https:\/\/api.w.org\/{rel}","templated":true}]}}

<section id='lightpress__section--block_a93067a9fd9ed5c10b11e3ff8eaa2b6d' class='lightpress__section--full-width lightpress__section lightpress__section--spacer' data-scroll-section><div class="spacer spacer--small"></div></section>

<section id='lightpress__section--block_75a0bcd85cc16b6f4fed998d2505caeb' class='lightpress__section--full-width lightpress__section lightpress__section--project-intro' data-scroll-section><div class="project-intro limited-grid">
                    <div class="project-intro__image1" data-aos="fade-up" data-aos-once="true">
                            <picture>
                                            <source srcset="https://www.spado.at/wp-content/uploads/SPS_kuball_c_spado_5_auswahl-1-1536x1024.jpg" type="image/webp">
                        <img decoding="async" loading="lazy" src="https://www.spado.at/wp-content/uploads/SPS_kuball_c_spado_5_auswahl-1-1536x1024.jpg"
                             alt="Haus SPS, Außenansicht"
                             width="1536"
                             height="1024">
                                    </picture>
                                    </div>
    
            <div class="project-intro__body1" data-aos="fade-up" data-aos-once="true">
                            <h2 class="project-intro__body1-title">Beschreibung</h2>
                        <p>Das Grundstück bildet die nordwestliche Ecke einer bestehenden Einfamilienhaussiedlung, die sich in einer ausgesprochenen Ruhe- und Naturlage unweit eines Mittelkärntner Badesees befindet. Im Osten verläuft der Erschließungsweg, Richtung Westen grenzen Wiesen und Wald an das Grundstück. Von Osten nach Westen fällt das Gelände um etwa ein Geschoß hin ab.</p>

        </div>
    
            <div class="project-intro__body2" data-aos="fade-up" data-aos-delay="200" data-aos-once="true">
            <p>Das Wohngebäude wurde als L-förmiger Baukörper konzipiert, der nach Osten hin einen Rücken bildet und sich nach Südwesten mit einer schwebenden Terrasse in Richtung Naturlandschaft öffnet. Im Norden, entlang des Weges, wurde ein Nebengebäude samt Carport situiert, durch welches die Privatheit nach Westen hin nochmals verstärkt wird.</p>
<p>Die beiden Balken des Hauses weisen unterschiedliche Raumhöhen auf.  Im Nord-Süd verlaufenden Riegel, der 2,60 m Raumhöhe aufweist, sind die privateren Funktionen des Hauses (Schlafen, Bad, Sauna, etc.) untergebracht. </p>

        </div>
    
            <div class="project-intro__image2" data-aos="fade-up" data-aos-delay="200" data-aos-once="true">
                                        <picture>
                                            <source srcset="https://www.spado.at/wp-content/uploads/SPS_kuball_c_spado_1-1-1536x1024.jpg" type="image/webp">
                        <img decoding="async" loading="lazy" src="https://www.spado.at/wp-content/uploads/SPS_kuball_c_spado_1-1-1536x1024.jpg"
                             alt="Haus SPS, Außenansicht"
                             width="1536"
                             height="1024">
                                                        </div>
    </div>
</section>

<section id='lightpress__section--block_36a48ff8e3d2f3f04c99171b6d33c175' class='lightpress__section--full-width lightpress__section lightpress__section--spacer' data-scroll-section><div class="spacer"></div></section>

<section id='lightpress__section--block_2a72399b79d22b5bf11fd6180068f439' class='lightpress__section--full-width lightpress__section lightpress__section--image-image' data-scroll-section><div class="image-image limited-grid">
            <div class="image-image__image1" data-aos="fade-up" data-aos-once="true">
                                        <picture>
                                            <source srcset="https://www.spado.at/wp-content/uploads/SPS_kuball_c_spado_7-1024x1536.jpg" type="image/webp">
                        <img decoding="async" loading="lazy" src="https://www.spado.at/wp-content/uploads/SPS_kuball_c_spado_7-1024x1536.jpg"
                             alt="Haus SPS, Außenansicht, Detail"
                             width="1024"
                             height="1536">
                                    </picture>
                
                            <div class="image-image__description" data-aos="fade-up" data-aos-once="true">
                    <p>Abb.  1<br />Der Ost-West Balken, in welchem die Funktionen Wohnen-Kochen-Essen untergebracht sind, ist mit 4,20 m Raumhöhe und umlaufenden Oberlichtband der großzügige und lichtdurchflutete Zentralraum des Hauses. Ein weit ausladendes umlaufendes Vordach sorgt für Beschattung und schafft einen horizontalen Übergang in die Landschaft.</p>

                </div>
                    </div>
    
     

            <div class="image-image__image2" data-aos="fade-up" data-aos-delay="100" data-aos-once="true">
                                        <picture>
                                            <source srcset="https://www.spado.at/wp-content/uploads/SPS_kuball_c_spado_3-1024x1536.jpg" type="image/webp">
                        <img decoding="async" loading="lazy" src="https://www.spado.at/wp-content/uploads/SPS_kuball_c_spado_3-1024x1536.jpg"
                             alt="Haus SPS, Stiege im Außenbereich"
                             width="1024"
                             height="1536">
                                    </picture>
                
                            <div class="image-image__description2" data-aos="fade-up" data-aos-once="true">
                    <p>Abb.  2<br />Über eine Freitreppe, die in die Terrasse eingeschnitten wurde, ist die Wohnebene mit dem Naturraum verbunden.</p>

                </div>
                    </div>
    
    </div></section>

<section id='lightpress__section--block_36a48ff8e3d2f3f04c99171b6d33c175' class='lightpress__section--full-width lightpress__section lightpress__section--spacer' data-scroll-section><div class="spacer"></div></section>

<section id='lightpress__section--block_0e851d279b95755b1e73846192e92373' class='lightpress__section--full-width lightpress__section lightpress__section--image' data-scroll-section><div class="image limited-grid image--full">
    <div class="image__image" data-aos="fade-up" data-aos-once="true">
                                            <picture>
                                    <source srcset="https://www.spado.at/wp-content/uploads/SPS_kuball_c_spado_2-1.jpg" type="image/webp">
                    <img decoding="async" loading="lazy" src="https://www.spado.at/wp-content/uploads/SPS_kuball_c_spado_2-1.jpg" alt="Haus SPS, Außenansicht"
                         width=""
                         height="">
                            </picture>
                        </div>
    </div></section>

<section id='lightpress__section--block_a93067a9fd9ed5c10b11e3ff8eaa2b6d' class='lightpress__section--full-width lightpress__section lightpress__section--spacer' data-scroll-section><div class="spacer spacer--small"></div></section>
