{"id":1595,"date":"2024-02-08T15:35:44","date_gmt":"2024-02-08T13:35:44","guid":{"rendered":"https:\/\/www.spado.at\/?post_type=competition&#038;p=1595"},"modified":"2025-01-09T13:07:29","modified_gmt":"2025-01-09T11:07:29","slug":"wettbewerbsbeitrag-waldvilla-in-velden-am-woerthersee","status":"publish","type":"competition","link":"https:\/\/www.spado.at\/en\/wettbewerbe\/wettbewerbsbeitrag-waldvilla-in-velden-am-woerthersee\/","title":{"rendered":"Wettbewerbsbeitrag Waldvilla in Velden am W\u00f6rthersee"},"content":{"rendered":"<section id='lightpress__section--block_63f256c6cb11cff9c8c7ad7432fab6f7' class='lightpress__section--full-width lightpress__section lightpress__section--spacer' data-scroll-section><div class=\"spacer spacer--small\"><\/div><\/section>\n\n<section id='lightpress__section--block_4aa07aa47580e6403fe0e3bc99430508' class='lightpress__section--full-width lightpress__section lightpress__section--project-intro' data-scroll-section><div class=\"project-intro limited-grid\">\n                    <div class=\"project-intro__image1\" data-aos=\"fade-up\" data-aos-once=\"true\">\n                            <picture>\n                                            <source srcset=\"https:\/\/www.spado.at\/wp-content\/uploads\/waldvilla_velden_modellcspado-1-1536x1155.jpg\" type=\"image\/webp\">\n                        <img decoding=\"async\" loading=\"lazy\" src=\"https:\/\/www.spado.at\/wp-content\/uploads\/waldvilla_velden_modellcspado-1-1536x1155.jpg\"\n                             alt=\"Waldvilla Velden am W\u00f6rthersee, Modellansicht\"\n                             width=\"1536\"\n                             height=\"1155\">\n                                    <\/picture>\n                                    <\/div>\n    \n            <div class=\"project-intro__body1\" data-aos=\"fade-up\" data-aos-once=\"true\">\n                            <h2 class=\"project-intro__body1-title\">Beschreibung<\/h2>\n                        <p>Geladener, einstufiger Realisierungswettbewerb f\u00fcr ein Boutique Hotel<\/p>\n<p>GENIUS LOCI<\/p>\n<p>\u201eMit der Er\u00f6ffnung der k.u.k S\u00fcdbahn 1864 kamen zahlreiche Wiener nach K\u00e4rnten und lie\u00dfen sich prachtvolle Villen am See errichten. Diese W\u00f6rthersee Architektur strahlt ihren besonderen Reiz durch die harmonische Integration der Architektur in die Umgebung aus. Die Villen, zumeist zum Zweck der Sommerfrische errichtet, nicht ganzj\u00e4hrig bewohnt, wurden mit besonderem Bezug zum See und zur Natur errichtet\u2026 Loggien und Terrassen erm\u00f6glichen Blickachsen zum See und gliedern in Kombination mit Erkern und Giebeln die Fassaden \u2013 oft mit romantischer Verspieltheit.\u201c (Heimo Kramer \u00fcber die W\u00f6rthersee Architektur)<\/p>\n<p>Auch die bestehende Waldvilla, im verkehrsberuhigten, s\u00fcdlichen Bereich der Veldener Bucht gelegen, reiht sich mit Abstrichen hinsichtlich der architektonischen Qualit\u00e4t in diesen Bautypus der alleinstehenden Villa umgeben von Naturraum ein.<\/p>\n\n        <\/div>\n    \n            <div class=\"project-intro__body2\" data-aos=\"fade-up\" data-aos-delay=\"200\" data-aos-once=\"true\">\n            <p>ORTSRAUM &#8211; GRUNDIDEE\u00a0<\/p>\n<p>Auf dem Fu\u00dfabdruck einer bestehenden Villa wurde eine zeitgen\u00f6ssische Interpretation des Typus \u201eW\u00f6rtherseevilla\u201c konzipiert. Drei oberirdische Geschosse und ein Dachgeschoss wurden zu einem monolithischen Bauk\u00f6rper zusammengefasst.<\/p>\n<p>Um uneinsehbare private Freibereiche zu erhalten und die Baumasse zu gliedern, wurde ein polygonaler Grundriss gew\u00e4hlt. Vor- und R\u00fcckspr\u00fcnge erzeugen Licht und Schatten, ein ausdrucksstarker Bauk\u00f6rper entsteht.<\/p>\n\n        <\/div>\n    \n            <div class=\"project-intro__image2\" data-aos=\"fade-up\" data-aos-delay=\"200\" data-aos-once=\"true\">\n                                        <picture>\n                                            <source srcset=\"https:\/\/www.spado.at\/wp-content\/uploads\/waldvilla_velden_villa_helen_waldvilla_veldencarchiv_der_marktgemeinde_velden_am_woerthersee-1536x1494.jpg\" type=\"image\/webp\">\n                        <img decoding=\"async\" loading=\"lazy\" src=\"https:\/\/www.spado.at\/wp-content\/uploads\/waldvilla_velden_villa_helen_waldvilla_veldencarchiv_der_marktgemeinde_velden_am_woerthersee-1536x1494.jpg\"\n                             alt=\"Waldvilla Velden am W\u00f6rthersee, mittig: Villa Helene, rechts: Waldvilla Velden, Quelle: Archiv der Marktgemeinde Velden am W\u00f6rther See\"\n                             width=\"1536\"\n                             height=\"1494\">\n                                                                <div class=\"project-intro__caption\" data-aos=\"fade-up\"\n                     data-aos-once=\"true\"><p>Abb. 1<br \/>mittig: Villa Helene, rechts: Waldvilla Velden, Quelle: Archiv der Marktgemeinde Velden am W\u00f6rther See<\/p>\n<\/div>\n                    <\/div>\n    <\/div>\n<\/section>\n\n<section id='lightpress__section--block_0090733f3a47ec51135822a723d215cf' class='lightpress__section--full-width lightpress__section lightpress__section--spacer' data-scroll-section><div class=\"spacer\"><\/div><\/section>\n\n<section id='lightpress__section--block_4dcd3e11a2b23cb4b95b95d504199398' class='lightpress__section--full-width lightpress__section lightpress__section--project-intro' data-scroll-section><div class=\"project-intro limited-grid project-intro--single project-intro--center\">\n                    <div class=\"project-intro__image1\" data-aos=\"fade-up\" data-aos-once=\"true\">\n                            <picture>\n                                            <source srcset=\"https:\/\/www.spado.at\/wp-content\/uploads\/waldvilla_velden_raumvolumen_skizzecspado-1509x1536.jpg\" type=\"image\/webp\">\n                        <img decoding=\"async\" loading=\"lazy\" src=\"https:\/\/www.spado.at\/wp-content\/uploads\/waldvilla_velden_raumvolumen_skizzecspado-1509x1536.jpg\"\n                             alt=\"Waldvilla Velden am W\u00f6rthersee, r\u00e4umliche Skizze\"\n                             width=\"1509\"\n                             height=\"1536\">\n                                    <\/picture>\n                                    <\/div>\n    \n            <div class=\"project-intro__body1\" data-aos=\"fade-up\" data-aos-once=\"true\">\n                        <p>Die polygonalen Grundrisse schaffen flie\u00dfende R\u00e4ume die sich zu See und Naturraum hin \u00f6ffnen. Eine klare Trennung von geschlossenen Fassadenfl\u00e4chen und sturzlosen Verglasungen gliedert die Fassade.<\/p>\n<p>Dunkel gef\u00e4rbter Beton als Fassaden- und Dachmaterial st\u00e4rkt die monolithische und repr\u00e4sentative Erscheinungsform der Villa. \u00dcber die Farbe verwebt sich die Villa dezent mit Wald und Naturraum.\u00a0<\/p>\n<p>Es entsteht eine organische Einheit aus Geb\u00e4ude und Au\u00dfenraum, die durch dynamische Raumgef\u00fcge und Eleganz gekennzeichnet wird.<\/p>\n<p>LAGEPLAN, GRUNDRISS EG<\/p>\n<p>Im Erdgeschoss befindet sich der zentrale Ankommens-, Restaurant- und Barbereich f\u00fcr die Hotelg\u00e4ste. R\u00e4umliche Kompression im Eingangsbereich und Dekompression zum See hin zeichnen diese Zone aus: eine dynamische sich zum W\u00f6rthersee hin \u00f6ffnende Raumabfolge entsteht.\u00a0<\/p>\n\n        <\/div>\n    \n    \n    <\/div>\n<\/section>\n\n<section id='lightpress__section--block_0090733f3a47ec51135822a723d215cf' class='lightpress__section--full-width lightpress__section lightpress__section--spacer' data-scroll-section><div class=\"spacer\"><\/div><\/section>\n\n<section id='lightpress__section--block_f040437a88894644f90af5c2ad427264' class='lightpress__section--full-width lightpress__section lightpress__section--image' data-scroll-section><div class=\"image limited-grid image--full\">\n    <div class=\"image__image\" data-aos=\"fade-up\" data-aos-once=\"true\">\n                                            <picture>\n                                    <source srcset=\"https:\/\/www.spado.at\/wp-content\/uploads\/waldvilla_velden_lageplan_mit_grundrisscspado.jpg\" type=\"image\/webp\">\n                    <img decoding=\"async\" loading=\"lazy\" src=\"https:\/\/www.spado.at\/wp-content\/uploads\/waldvilla_velden_lageplan_mit_grundrisscspado.jpg\" alt=\"Waldvilla Velden am W\u00f6rthersee, Lageplan mit Grundriss\"\n                         width=\"\"\n                         height=\"\">\n                            <\/picture>\n                        <\/div>\n    <\/div><\/section>\n\n<section id='lightpress__section--block_63f256c6cb11cff9c8c7ad7432fab6f7' class='lightpress__section--full-width lightpress__section lightpress__section--spacer' data-scroll-section><div class=\"spacer spacer--small\"><\/div><\/section>","protected":false},"excerpt":{"rendered":"<p>Auf dem Fu\u00dfabdruck der bestehenden Waldvilla ist eine zeitgen\u00f6ssische Neuinterpretation der historischen W\u00f6rtherseevillen geplant. Drei oberirdische Geschosse und ein Dachgeschoss werden zu einem monolithischen Bauk\u00f6rper zusammengefasst.<\/p>\n","protected":false},"featured_media":1599,"menu_order":0,"template":"","meta":[],"class_list":["post-1595","competition","type-competition","status-publish","has-post-thumbnail","hentry"],"acf":[],"_links":{"self":[{"href":"https:\/\/www.spado.at\/en\/wp-json\/wp\/v2\/competition\/1595","targetHints":{"allow":["GET"]}}],"collection":[{"href":"https:\/\/www.spado.at\/en\/wp-json\/wp\/v2\/competition"}],"about":[{"href":"https:\/\/www.spado.at\/en\/wp-json\/wp\/v2\/types\/competition"}],"wp:featuredmedia":[{"embeddable":true,"href":"https:\/\/www.spado.at\/en\/wp-json\/wp\/v2\/media\/1599"}],"wp:attachment":[{"href":"https:\/\/www.spado.at\/en\/wp-json\/wp\/v2\/media?parent=1595"}],"curies":[{"name":"wp","href":"https:\/\/api.w.org\/{rel}","templated":true}]}}

Wettbewerbsbeitrag Waldvilla in Velden am Wörthersee

<section id='lightpress__section--block_63f256c6cb11cff9c8c7ad7432fab6f7' class='lightpress__section--full-width lightpress__section lightpress__section--spacer' data-scroll-section><div class="spacer spacer--small"></div></section>

<section id='lightpress__section--block_4aa07aa47580e6403fe0e3bc99430508' class='lightpress__section--full-width lightpress__section lightpress__section--project-intro' data-scroll-section><div class="project-intro limited-grid">
                    <div class="project-intro__image1" data-aos="fade-up" data-aos-once="true">
                            <picture>
                                            <source srcset="https://www.spado.at/wp-content/uploads/waldvilla_velden_modellcspado-1-1536x1155.jpg" type="image/webp">
                        <img decoding="async" loading="lazy" src="https://www.spado.at/wp-content/uploads/waldvilla_velden_modellcspado-1-1536x1155.jpg"
                             alt="Waldvilla Velden am Wörthersee, Modellansicht"
                             width="1536"
                             height="1155">
                                    </picture>
                                    </div>
    
            <div class="project-intro__body1" data-aos="fade-up" data-aos-once="true">
                            <h2 class="project-intro__body1-title">Beschreibung</h2>
                        <p>Geladener, einstufiger Realisierungswettbewerb für ein Boutique Hotel</p>
<p>GENIUS LOCI</p>
<p>„Mit der Eröffnung der k.u.k Südbahn 1864 kamen zahlreiche Wiener nach Kärnten und ließen sich prachtvolle Villen am See errichten. Diese Wörthersee Architektur strahlt ihren besonderen Reiz durch die harmonische Integration der Architektur in die Umgebung aus. Die Villen, zumeist zum Zweck der Sommerfrische errichtet, nicht ganzjährig bewohnt, wurden mit besonderem Bezug zum See und zur Natur errichtet… Loggien und Terrassen ermöglichen Blickachsen zum See und gliedern in Kombination mit Erkern und Giebeln die Fassaden – oft mit romantischer Verspieltheit.“ (Heimo Kramer über die Wörthersee Architektur)</p>
<p>Auch die bestehende Waldvilla, im verkehrsberuhigten, südlichen Bereich der Veldener Bucht gelegen, reiht sich mit Abstrichen hinsichtlich der architektonischen Qualität in diesen Bautypus der alleinstehenden Villa umgeben von Naturraum ein.</p>

        </div>
    
            <div class="project-intro__body2" data-aos="fade-up" data-aos-delay="200" data-aos-once="true">
            <p>ORTSRAUM &#8211; GRUNDIDEE </p>
<p>Auf dem Fußabdruck einer bestehenden Villa wurde eine zeitgenössische Interpretation des Typus „Wörtherseevilla“ konzipiert. Drei oberirdische Geschosse und ein Dachgeschoss wurden zu einem monolithischen Baukörper zusammengefasst.</p>
<p>Um uneinsehbare private Freibereiche zu erhalten und die Baumasse zu gliedern, wurde ein polygonaler Grundriss gewählt. Vor- und Rücksprünge erzeugen Licht und Schatten, ein ausdrucksstarker Baukörper entsteht.</p>

        </div>
    
            <div class="project-intro__image2" data-aos="fade-up" data-aos-delay="200" data-aos-once="true">
                                        <picture>
                                            <source srcset="https://www.spado.at/wp-content/uploads/waldvilla_velden_villa_helen_waldvilla_veldencarchiv_der_marktgemeinde_velden_am_woerthersee-1536x1494.jpg" type="image/webp">
                        <img decoding="async" loading="lazy" src="https://www.spado.at/wp-content/uploads/waldvilla_velden_villa_helen_waldvilla_veldencarchiv_der_marktgemeinde_velden_am_woerthersee-1536x1494.jpg"
                             alt="Waldvilla Velden am Wörthersee, mittig: Villa Helene, rechts: Waldvilla Velden, Quelle: Archiv der Marktgemeinde Velden am Wörther See"
                             width="1536"
                             height="1494">
                                                                <div class="project-intro__caption" data-aos="fade-up"
                     data-aos-once="true"><p>Abb. 1<br />mittig: Villa Helene, rechts: Waldvilla Velden, Quelle: Archiv der Marktgemeinde Velden am Wörther See</p>
</div>
                    </div>
    </div>
</section>

<section id='lightpress__section--block_0090733f3a47ec51135822a723d215cf' class='lightpress__section--full-width lightpress__section lightpress__section--spacer' data-scroll-section><div class="spacer"></div></section>

<section id='lightpress__section--block_4dcd3e11a2b23cb4b95b95d504199398' class='lightpress__section--full-width lightpress__section lightpress__section--project-intro' data-scroll-section><div class="project-intro limited-grid project-intro--single project-intro--center">
                    <div class="project-intro__image1" data-aos="fade-up" data-aos-once="true">
                            <picture>
                                            <source srcset="https://www.spado.at/wp-content/uploads/waldvilla_velden_raumvolumen_skizzecspado-1509x1536.jpg" type="image/webp">
                        <img decoding="async" loading="lazy" src="https://www.spado.at/wp-content/uploads/waldvilla_velden_raumvolumen_skizzecspado-1509x1536.jpg"
                             alt="Waldvilla Velden am Wörthersee, räumliche Skizze"
                             width="1509"
                             height="1536">
                                    </picture>
                                    </div>
    
            <div class="project-intro__body1" data-aos="fade-up" data-aos-once="true">
                        <p>Die polygonalen Grundrisse schaffen fließende Räume die sich zu See und Naturraum hin öffnen. Eine klare Trennung von geschlossenen Fassadenflächen und sturzlosen Verglasungen gliedert die Fassade.</p>
<p>Dunkel gefärbter Beton als Fassaden- und Dachmaterial stärkt die monolithische und repräsentative Erscheinungsform der Villa. Über die Farbe verwebt sich die Villa dezent mit Wald und Naturraum. </p>
<p>Es entsteht eine organische Einheit aus Gebäude und Außenraum, die durch dynamische Raumgefüge und Eleganz gekennzeichnet wird.</p>
<p>LAGEPLAN, GRUNDRISS EG</p>
<p>Im Erdgeschoss befindet sich der zentrale Ankommens-, Restaurant- und Barbereich für die Hotelgäste. Räumliche Kompression im Eingangsbereich und Dekompression zum See hin zeichnen diese Zone aus: eine dynamische sich zum Wörthersee hin öffnende Raumabfolge entsteht. </p>

        </div>
    
    
    </div>
</section>

<section id='lightpress__section--block_0090733f3a47ec51135822a723d215cf' class='lightpress__section--full-width lightpress__section lightpress__section--spacer' data-scroll-section><div class="spacer"></div></section>

<section id='lightpress__section--block_f040437a88894644f90af5c2ad427264' class='lightpress__section--full-width lightpress__section lightpress__section--image' data-scroll-section><div class="image limited-grid image--full">
    <div class="image__image" data-aos="fade-up" data-aos-once="true">
                                            <picture>
                                    <source srcset="https://www.spado.at/wp-content/uploads/waldvilla_velden_lageplan_mit_grundrisscspado.jpg" type="image/webp">
                    <img decoding="async" loading="lazy" src="https://www.spado.at/wp-content/uploads/waldvilla_velden_lageplan_mit_grundrisscspado.jpg" alt="Waldvilla Velden am Wörthersee, Lageplan mit Grundriss"
                         width=""
                         height="">
                            </picture>
                        </div>
    </div></section>

<section id='lightpress__section--block_63f256c6cb11cff9c8c7ad7432fab6f7' class='lightpress__section--full-width lightpress__section lightpress__section--spacer' data-scroll-section><div class="spacer spacer--small"></div></section>

<p>Auf dem Fußabdruck der bestehenden Waldvilla ist eine zeitgenössische Neuinterpretation der historischen Wörtherseevillen geplant. Drei oberirdische Geschosse und ein Dachgeschoss werden zu einem monolithischen Baukörper zusammengefasst.</p>
