{"id":1549,"date":"2023-12-07T14:49:47","date_gmt":"2023-12-07T12:49:47","guid":{"rendered":"https:\/\/www.spado.at\/?post_type=competition&#038;p=1549"},"modified":"2025-01-09T13:08:23","modified_gmt":"2025-01-09T11:08:23","slug":"alte-post-velden-1-preis","status":"publish","type":"competition","link":"https:\/\/www.spado.at\/en\/wettbewerbe\/alte-post-velden-1-preis\/","title":{"rendered":"Alte Post Velden: 1. Preis"},"content":{"rendered":"<section id='lightpress__section--block_0dfc8ca770939ec827c39d1d201cb37d' class='lightpress__section--full-width lightpress__section lightpress__section--spacer' data-scroll-section><div class=\"spacer spacer--small\"><\/div><\/section>\n\n<section id='lightpress__section--block_1a43776fcbd78e914725f9989c428edb' class='lightpress__section--full-width lightpress__section lightpress__section--project-intro' data-scroll-section><div class=\"project-intro limited-grid\">\n                    <div class=\"project-intro__image1\" data-aos=\"fade-up\" data-aos-once=\"true\">\n                            <picture>\n                                            <source srcset=\"https:\/\/www.spado.at\/wp-content\/uploads\/WRAnn_historische_ansicht_c_archiv_der_marktgemeinde_velden-1536x1106.jpg\" type=\"image\/webp\">\n                        <img decoding=\"async\" loading=\"lazy\" src=\"https:\/\/www.spado.at\/wp-content\/uploads\/WRAnn_historische_ansicht_c_archiv_der_marktgemeinde_velden-1536x1106.jpg\"\n                             alt=\"historische Ansicht, Gasthaus Wrann, Quelle: Archiv der Marktgemeinde Velden am W\u00f6rther See\"\n                             width=\"1536\"\n                             height=\"1106\">\n                                    <\/picture>\n                                            <div class=\"project-intro__caption\" data-aos=\"fade-up\"\n                     data-aos-once=\"true\"><p>Abb. 1<br \/>historische Ansicht, Gasthaus Wrann, Quelle: Archiv der Marktgemeinde Velden am W\u00f6rther See<\/p>\n<\/div>\n                    <\/div>\n    \n            <div class=\"project-intro__body1\" data-aos=\"fade-up\" data-aos-once=\"true\">\n                            <h2 class=\"project-intro__body1-title\">Beschreibung<\/h2>\n                        <p>Geladener, einstufiger Realisierungswettbewerb: Umgestaltung Gesch\u00e4fts- und Wohnobjekt Alte Post \/ Wrann, Europaplatz 4, 9220 Velden<\/p>\n<p>KONZEPT<\/p>\n<p>Velden, am Westufer des W\u00f6rthersees gelegen, war urspr\u00fcnglich ein Bauerndorf mit Schloss, das durch den Bau der S\u00fcdbahn ab 1864 zum Luftkurort und bekannten Urlaubsort wurde. Der Architekt Franz Baumgartner und weitere Architekten brachten internationales Flair und ein v\u00f6llig neues Erscheinungsbild f\u00fcr den Ort.\u00a0<\/p>\n<p>Die ehemalige Poststation wirkte als Drehscheibe und Treffpunkt f\u00fcr Reisende und ist eines der \u00e4ltesten Geb\u00e4ude im Ort, das besonders durch seine zentrale Lage und seine Orientierung parallel zum Damtschacher Bach aber nicht parallel zur Klagenfurter Stra\u00dfe auff\u00e4llt und im positiven Sinne irritiert.<\/p>\n\n        <\/div>\n    \n            <div class=\"project-intro__body2\" data-aos=\"fade-up\" data-aos-delay=\"200\" data-aos-once=\"true\">\n            <p>Absicht des Projekts ist die Schaffung eines zeitgen\u00f6ssischen Fensters zur Welt, das auf der Historie des Ortes aufbaut und deshalb authentisch ist.\u00a0<\/p>\n<p>Dem Haus soll seine W\u00fcrde und Strahlkraft zur\u00fcckzugeben und seine r\u00e4umlichen Qualit\u00e4ten f\u00fcr die Besucher und Nutzer erlebbar gemacht werden. Das Geb\u00e4ude wird auf seine wesentliche Struktur zur\u00fcckgebaut. Seine Essenz, das Treppenhaus, die \u201eLabm\u201c, der Dachstuhl und der skulpturale Kamin kommen voll zur Geltung und k\u00f6nnen r\u00e4umlich erfahren werden.<\/p>\n<p>Ziel ist die Schaffung eines multifunktionalen Geb\u00e4udes, das sowohl als eine Einheit aber auch unterteilt in mehrere Einheiten funktioniert. Der Einbau eines Lifts in das Haus bietet die M\u00f6glichkeit das Haus als Ganzes zu denken. Die Wertsch\u00f6pfung wird durch die Nutzung als Gesch\u00e4fts- und B\u00fcrogeb\u00e4ude gegen\u00fcber der Nutzung mit Wohnungen maximiert.<\/p>\n\n        <\/div>\n    \n            <div class=\"project-intro__image2\" data-aos=\"fade-up\" data-aos-delay=\"200\" data-aos-once=\"true\">\n                                        <picture>\n                                            <img decoding=\"async\" loading=\"lazy\" src=\"https:\/\/www.spado.at\/wp-content\/uploads\/WRAnn_lageplan_franziszeischer_kataster_heute_KAGIS_kaernten_c_spado.gif\"\n                             alt=\"franziszeischer Kataster Velden, Quelle: Kagis K\u00e4rnten, Schwarzplan heute\"\n                             width=\"1920\"\n                             height=\"1920\">\n                                                                <div class=\"project-intro__caption\" data-aos=\"fade-up\"\n                     data-aos-once=\"true\"><p>Abb. 2<br \/>franziszeischer Kataster Velden, Quelle: Kagis K\u00e4rnten, Schwarzplan heute<\/p>\n<\/div>\n                    <\/div>\n    <\/div>\n<\/section>\n\n<section id='lightpress__section--block_688ddd6eb3da7309c7321b77bc7350b1' class='lightpress__section--full-width lightpress__section lightpress__section--spacer' data-scroll-section><div class=\"spacer\"><\/div><\/section>\n\n<section id='lightpress__section--block_ca77f62366548516d5cf1f919b73b493' class='lightpress__section--full-width lightpress__section lightpress__section--image-image' data-scroll-section><div class=\"image-image limited-grid\">\n            <div class=\"image-image__image1\" data-aos=\"fade-up\" data-aos-once=\"true\">\n                                        <picture>\n                                            <source srcset=\"https:\/\/www.spado.at\/wp-content\/uploads\/WRAnn-grundriss_eg_bestand_c_spado-1536x1094.jpg\" type=\"image\/webp\">\n                        <img decoding=\"async\" loading=\"lazy\" src=\"https:\/\/www.spado.at\/wp-content\/uploads\/WRAnn-grundriss_eg_bestand_c_spado-1536x1094.jpg\"\n                             alt=\"Alte Post \/ Wrann Velden, Grundriss EG Bestand\"\n                             width=\"1536\"\n                             height=\"1094\">\n                                    <\/picture>\n                \n                            <div class=\"image-image__description\" data-aos=\"fade-up\" data-aos-once=\"true\">\n                    <p>Abb. 3<br \/>Grundriss EG Bestand<\/p>\n\n                <\/div>\n                    <\/div>\n    \n     \n\n            <div class=\"image-image__image2\" data-aos=\"fade-up\" data-aos-delay=\"100\" data-aos-once=\"true\">\n                                        <picture>\n                                            <source srcset=\"https:\/\/www.spado.at\/wp-content\/uploads\/WRAnn-grundriss_eg_neu_c_spado-1536x1094.jpg\" type=\"image\/webp\">\n                        <img decoding=\"async\" loading=\"lazy\" src=\"https:\/\/www.spado.at\/wp-content\/uploads\/WRAnn-grundriss_eg_neu_c_spado-1536x1094.jpg\"\n                             alt=\"Alte Post \/ Wrann Velden, Grundriss EG neu\"\n                             width=\"1536\"\n                             height=\"1094\">\n                                    <\/picture>\n                \n                            <div class=\"image-image__description2\" data-aos=\"fade-up\" data-aos-once=\"true\">\n                    <p>Abb. 4<br \/>Grundriss EG neu<\/p>\n\n                <\/div>\n                    <\/div>\n    \n    <\/div><\/section>\n\n<section id='lightpress__section--block_688ddd6eb3da7309c7321b77bc7350b1' class='lightpress__section--full-width lightpress__section lightpress__section--spacer' data-scroll-section><div class=\"spacer\"><\/div><\/section>\n\n<section id='lightpress__section--block_fc7509562a42be90658664f10fe20931' class='lightpress__section--full-width lightpress__section lightpress__section--image-image' data-scroll-section><div class=\"image-image limited-grid\">\n            <div class=\"image-image__image1\" data-aos=\"fade-up\" data-aos-once=\"true\">\n                                        <picture>\n                                            <source srcset=\"https:\/\/www.spado.at\/wp-content\/uploads\/WRAnn-grundriss_og_bestand_c_spado-1536x1094.jpg\" type=\"image\/webp\">\n                        <img decoding=\"async\" loading=\"lazy\" src=\"https:\/\/www.spado.at\/wp-content\/uploads\/WRAnn-grundriss_og_bestand_c_spado-1536x1094.jpg\"\n                             alt=\"Alte Post \/ Wrann Velden, Grundriss OG Bestand\"\n                             width=\"1536\"\n                             height=\"1094\">\n                                    <\/picture>\n                \n                            <div class=\"image-image__description\" data-aos=\"fade-up\" data-aos-once=\"true\">\n                    <p>Abb. 5<br \/>Grundriss OG Bestand<\/p>\n\n                <\/div>\n                    <\/div>\n    \n     \n\n            <div class=\"image-image__image2\" data-aos=\"fade-up\" data-aos-delay=\"100\" data-aos-once=\"true\">\n                                        <picture>\n                                            <source srcset=\"https:\/\/www.spado.at\/wp-content\/uploads\/WRAnn-grundriss_og_neu_c_spado-1536x1094.jpg\" type=\"image\/webp\">\n                        <img decoding=\"async\" loading=\"lazy\" src=\"https:\/\/www.spado.at\/wp-content\/uploads\/WRAnn-grundriss_og_neu_c_spado-1536x1094.jpg\"\n                             alt=\"Alte Post \/ Wrann Velden, Grundriss OG neu\"\n                             width=\"1536\"\n                             height=\"1094\">\n                                    <\/picture>\n                \n                            <div class=\"image-image__description2\" data-aos=\"fade-up\" data-aos-once=\"true\">\n                    <p>Abb. 6<br \/>Grundriss OG neu<\/p>\n\n                <\/div>\n                    <\/div>\n    \n    <\/div><\/section>\n\n<section id='lightpress__section--block_688ddd6eb3da7309c7321b77bc7350b1' class='lightpress__section--full-width lightpress__section lightpress__section--spacer' data-scroll-section><div class=\"spacer\"><\/div><\/section>\n\n<section id='lightpress__section--block_8f1da67a88e29238a3a8f7de95f46336' class='lightpress__section--full-width lightpress__section lightpress__section--image-image' data-scroll-section><div class=\"image-image limited-grid\">\n            <div class=\"image-image__image1\" data-aos=\"fade-up\" data-aos-once=\"true\">\n                                        <picture>\n                                            <source srcset=\"https:\/\/www.spado.at\/wp-content\/uploads\/WRAnn-grundriss_dach_bestand_c_spado-1536x1094.jpg\" type=\"image\/webp\">\n                        <img decoding=\"async\" loading=\"lazy\" src=\"https:\/\/www.spado.at\/wp-content\/uploads\/WRAnn-grundriss_dach_bestand_c_spado-1536x1094.jpg\"\n                             alt=\"Alte Post \/ Wrann Velden, Grundriss DG Bestand\"\n                             width=\"1536\"\n                             height=\"1094\">\n                                    <\/picture>\n                \n                            <div class=\"image-image__description\" data-aos=\"fade-up\" data-aos-once=\"true\">\n                    <p>Abb. 7<br \/>Grundriss Dach Bestand<\/p>\n\n                <\/div>\n                    <\/div>\n    \n     \n\n            <div class=\"image-image__image2\" data-aos=\"fade-up\" data-aos-delay=\"100\" data-aos-once=\"true\">\n                                        <picture>\n                                            <source srcset=\"https:\/\/www.spado.at\/wp-content\/uploads\/WRAnn_grundriss_dach_neu_c_spado-1536x1094.jpg\" type=\"image\/webp\">\n                        <img decoding=\"async\" loading=\"lazy\" src=\"https:\/\/www.spado.at\/wp-content\/uploads\/WRAnn_grundriss_dach_neu_c_spado-1536x1094.jpg\"\n                             alt=\"Alte Post \/ Wrann Velden, Grundriss DG neu\"\n                             width=\"1536\"\n                             height=\"1094\">\n                                    <\/picture>\n                \n                            <div class=\"image-image__description2\" data-aos=\"fade-up\" data-aos-once=\"true\">\n                    <p>Abb. 8<br \/>Grundriss Dach neu<\/p>\n\n                <\/div>\n                    <\/div>\n    \n    <\/div><\/section>\n\n<section id='lightpress__section--block_688ddd6eb3da7309c7321b77bc7350b1' class='lightpress__section--full-width lightpress__section lightpress__section--spacer' data-scroll-section><div class=\"spacer\"><\/div><\/section>\n\n<section id='lightpress__section--block_c77dec5a4f297af9119c9559ee7ccafa' class='lightpress__section--full-width lightpress__section lightpress__section--image' data-scroll-section><div class=\"image limited-grid image--full\">\n    <div class=\"image__image\" data-aos=\"fade-up\" data-aos-once=\"true\">\n                                            <picture>\n                                    <source srcset=\"https:\/\/www.spado.at\/wp-content\/uploads\/WRAnn_schnittperspektive_c_spado.jpg\" type=\"image\/webp\">\n                    <img decoding=\"async\" loading=\"lazy\" src=\"https:\/\/www.spado.at\/wp-content\/uploads\/WRAnn_schnittperspektive_c_spado.jpg\" alt=\"Alte Post \/ Wrann Velden, Schnittperspektive\"\n                         width=\"\"\n                         height=\"\">\n                            <\/picture>\n                        <\/div>\n            <div class=\"image__description\"><p>Abb. \u00a09<br \/>Schnittperspektive<\/p>\n<\/div>\n    <\/div><\/section>\n\n<section id='lightpress__section--block_0dfc8ca770939ec827c39d1d201cb37d' class='lightpress__section--full-width lightpress__section lightpress__section--spacer' data-scroll-section><div class=\"spacer spacer--small\"><\/div><\/section>","protected":false},"excerpt":{"rendered":"<p>Geladener, einstufiger Realisierungswettbewerb: Umgestaltung Gesch\u00e4fts- und Wohnobjekt Alte Post \/ Wrann<\/p>\n","protected":false},"featured_media":1540,"menu_order":0,"template":"","meta":[],"class_list":["post-1549","competition","type-competition","status-publish","has-post-thumbnail","hentry"],"acf":[],"_links":{"self":[{"href":"https:\/\/www.spado.at\/en\/wp-json\/wp\/v2\/competition\/1549","targetHints":{"allow":["GET"]}}],"collection":[{"href":"https:\/\/www.spado.at\/en\/wp-json\/wp\/v2\/competition"}],"about":[{"href":"https:\/\/www.spado.at\/en\/wp-json\/wp\/v2\/types\/competition"}],"wp:featuredmedia":[{"embeddable":true,"href":"https:\/\/www.spado.at\/en\/wp-json\/wp\/v2\/media\/1540"}],"wp:attachment":[{"href":"https:\/\/www.spado.at\/en\/wp-json\/wp\/v2\/media?parent=1549"}],"curies":[{"name":"wp","href":"https:\/\/api.w.org\/{rel}","templated":true}]}}

<section id='lightpress__section--block_0dfc8ca770939ec827c39d1d201cb37d' class='lightpress__section--full-width lightpress__section lightpress__section--spacer' data-scroll-section><div class="spacer spacer--small"></div></section>

<section id='lightpress__section--block_1a43776fcbd78e914725f9989c428edb' class='lightpress__section--full-width lightpress__section lightpress__section--project-intro' data-scroll-section><div class="project-intro limited-grid">
                    <div class="project-intro__image1" data-aos="fade-up" data-aos-once="true">
                            <picture>
                                            <source srcset="https://www.spado.at/wp-content/uploads/WRAnn_historische_ansicht_c_archiv_der_marktgemeinde_velden-1536x1106.jpg" type="image/webp">
                        <img decoding="async" loading="lazy" src="https://www.spado.at/wp-content/uploads/WRAnn_historische_ansicht_c_archiv_der_marktgemeinde_velden-1536x1106.jpg"
                             alt="historische Ansicht, Gasthaus Wrann, Quelle: Archiv der Marktgemeinde Velden am Wörther See"
                             width="1536"
                             height="1106">
                                    </picture>
                                            <div class="project-intro__caption" data-aos="fade-up"
                     data-aos-once="true"><p>Abb. 1<br />historische Ansicht, Gasthaus Wrann, Quelle: Archiv der Marktgemeinde Velden am Wörther See</p>
</div>
                    </div>
    
            <div class="project-intro__body1" data-aos="fade-up" data-aos-once="true">
                            <h2 class="project-intro__body1-title">Beschreibung</h2>
                        <p>Geladener, einstufiger Realisierungswettbewerb: Umgestaltung Geschäfts- und Wohnobjekt Alte Post / Wrann, Europaplatz 4, 9220 Velden</p>
<p>KONZEPT</p>
<p>Velden, am Westufer des Wörthersees gelegen, war ursprünglich ein Bauerndorf mit Schloss, das durch den Bau der Südbahn ab 1864 zum Luftkurort und bekannten Urlaubsort wurde. Der Architekt Franz Baumgartner und weitere Architekten brachten internationales Flair und ein völlig neues Erscheinungsbild für den Ort. </p>
<p>Die ehemalige Poststation wirkte als Drehscheibe und Treffpunkt für Reisende und ist eines der ältesten Gebäude im Ort, das besonders durch seine zentrale Lage und seine Orientierung parallel zum Damtschacher Bach aber nicht parallel zur Klagenfurter Straße auffällt und im positiven Sinne irritiert.</p>

        </div>
    
            <div class="project-intro__body2" data-aos="fade-up" data-aos-delay="200" data-aos-once="true">
            <p>Absicht des Projekts ist die Schaffung eines zeitgenössischen Fensters zur Welt, das auf der Historie des Ortes aufbaut und deshalb authentisch ist. </p>
<p>Dem Haus soll seine Würde und Strahlkraft zurückzugeben und seine räumlichen Qualitäten für die Besucher und Nutzer erlebbar gemacht werden. Das Gebäude wird auf seine wesentliche Struktur zurückgebaut. Seine Essenz, das Treppenhaus, die „Labm“, der Dachstuhl und der skulpturale Kamin kommen voll zur Geltung und können räumlich erfahren werden.</p>
<p>Ziel ist die Schaffung eines multifunktionalen Gebäudes, das sowohl als eine Einheit aber auch unterteilt in mehrere Einheiten funktioniert. Der Einbau eines Lifts in das Haus bietet die Möglichkeit das Haus als Ganzes zu denken. Die Wertschöpfung wird durch die Nutzung als Geschäfts- und Bürogebäude gegenüber der Nutzung mit Wohnungen maximiert.</p>

        </div>
    
            <div class="project-intro__image2" data-aos="fade-up" data-aos-delay="200" data-aos-once="true">
                                        <picture>
                                            <img decoding="async" loading="lazy" src="https://www.spado.at/wp-content/uploads/WRAnn_lageplan_franziszeischer_kataster_heute_KAGIS_kaernten_c_spado.gif"
                             alt="franziszeischer Kataster Velden, Quelle: Kagis Kärnten, Schwarzplan heute"
                             width="1920"
                             height="1920">
                                                                <div class="project-intro__caption" data-aos="fade-up"
                     data-aos-once="true"><p>Abb. 2<br />franziszeischer Kataster Velden, Quelle: Kagis Kärnten, Schwarzplan heute</p>
</div>
                    </div>
    </div>
</section>

<section id='lightpress__section--block_688ddd6eb3da7309c7321b77bc7350b1' class='lightpress__section--full-width lightpress__section lightpress__section--spacer' data-scroll-section><div class="spacer"></div></section>

<section id='lightpress__section--block_ca77f62366548516d5cf1f919b73b493' class='lightpress__section--full-width lightpress__section lightpress__section--image-image' data-scroll-section><div class="image-image limited-grid">
            <div class="image-image__image1" data-aos="fade-up" data-aos-once="true">
                                        <picture>
                                            <source srcset="https://www.spado.at/wp-content/uploads/WRAnn-grundriss_eg_bestand_c_spado-1536x1094.jpg" type="image/webp">
                        <img decoding="async" loading="lazy" src="https://www.spado.at/wp-content/uploads/WRAnn-grundriss_eg_bestand_c_spado-1536x1094.jpg"
                             alt="Alte Post / Wrann Velden, Grundriss EG Bestand"
                             width="1536"
                             height="1094">
                                    </picture>
                
                            <div class="image-image__description" data-aos="fade-up" data-aos-once="true">
                    <p>Abb. 3<br />Grundriss EG Bestand</p>

                </div>
                    </div>
    
     

            <div class="image-image__image2" data-aos="fade-up" data-aos-delay="100" data-aos-once="true">
                                        <picture>
                                            <source srcset="https://www.spado.at/wp-content/uploads/WRAnn-grundriss_eg_neu_c_spado-1536x1094.jpg" type="image/webp">
                        <img decoding="async" loading="lazy" src="https://www.spado.at/wp-content/uploads/WRAnn-grundriss_eg_neu_c_spado-1536x1094.jpg"
                             alt="Alte Post / Wrann Velden, Grundriss EG neu"
                             width="1536"
                             height="1094">
                                    </picture>
                
                            <div class="image-image__description2" data-aos="fade-up" data-aos-once="true">
                    <p>Abb. 4<br />Grundriss EG neu</p>

                </div>
                    </div>
    
    </div></section>

<section id='lightpress__section--block_688ddd6eb3da7309c7321b77bc7350b1' class='lightpress__section--full-width lightpress__section lightpress__section--spacer' data-scroll-section><div class="spacer"></div></section>

<section id='lightpress__section--block_fc7509562a42be90658664f10fe20931' class='lightpress__section--full-width lightpress__section lightpress__section--image-image' data-scroll-section><div class="image-image limited-grid">
            <div class="image-image__image1" data-aos="fade-up" data-aos-once="true">
                                        <picture>
                                            <source srcset="https://www.spado.at/wp-content/uploads/WRAnn-grundriss_og_bestand_c_spado-1536x1094.jpg" type="image/webp">
                        <img decoding="async" loading="lazy" src="https://www.spado.at/wp-content/uploads/WRAnn-grundriss_og_bestand_c_spado-1536x1094.jpg"
                             alt="Alte Post / Wrann Velden, Grundriss OG Bestand"
                             width="1536"
                             height="1094">
                                    </picture>
                
                            <div class="image-image__description" data-aos="fade-up" data-aos-once="true">
                    <p>Abb. 5<br />Grundriss OG Bestand</p>

                </div>
                    </div>
    
     

            <div class="image-image__image2" data-aos="fade-up" data-aos-delay="100" data-aos-once="true">
                                        <picture>
                                            <source srcset="https://www.spado.at/wp-content/uploads/WRAnn-grundriss_og_neu_c_spado-1536x1094.jpg" type="image/webp">
                        <img decoding="async" loading="lazy" src="https://www.spado.at/wp-content/uploads/WRAnn-grundriss_og_neu_c_spado-1536x1094.jpg"
                             alt="Alte Post / Wrann Velden, Grundriss OG neu"
                             width="1536"
                             height="1094">
                                    </picture>
                
                            <div class="image-image__description2" data-aos="fade-up" data-aos-once="true">
                    <p>Abb. 6<br />Grundriss OG neu</p>

                </div>
                    </div>
    
    </div></section>

<section id='lightpress__section--block_688ddd6eb3da7309c7321b77bc7350b1' class='lightpress__section--full-width lightpress__section lightpress__section--spacer' data-scroll-section><div class="spacer"></div></section>

<section id='lightpress__section--block_8f1da67a88e29238a3a8f7de95f46336' class='lightpress__section--full-width lightpress__section lightpress__section--image-image' data-scroll-section><div class="image-image limited-grid">
            <div class="image-image__image1" data-aos="fade-up" data-aos-once="true">
                                        <picture>
                                            <source srcset="https://www.spado.at/wp-content/uploads/WRAnn-grundriss_dach_bestand_c_spado-1536x1094.jpg" type="image/webp">
                        <img decoding="async" loading="lazy" src="https://www.spado.at/wp-content/uploads/WRAnn-grundriss_dach_bestand_c_spado-1536x1094.jpg"
                             alt="Alte Post / Wrann Velden, Grundriss DG Bestand"
                             width="1536"
                             height="1094">
                                    </picture>
                
                            <div class="image-image__description" data-aos="fade-up" data-aos-once="true">
                    <p>Abb. 7<br />Grundriss Dach Bestand</p>

                </div>
                    </div>
    
     

            <div class="image-image__image2" data-aos="fade-up" data-aos-delay="100" data-aos-once="true">
                                        <picture>
                                            <source srcset="https://www.spado.at/wp-content/uploads/WRAnn_grundriss_dach_neu_c_spado-1536x1094.jpg" type="image/webp">
                        <img decoding="async" loading="lazy" src="https://www.spado.at/wp-content/uploads/WRAnn_grundriss_dach_neu_c_spado-1536x1094.jpg"
                             alt="Alte Post / Wrann Velden, Grundriss DG neu"
                             width="1536"
                             height="1094">
                                    </picture>
                
                            <div class="image-image__description2" data-aos="fade-up" data-aos-once="true">
                    <p>Abb. 8<br />Grundriss Dach neu</p>

                </div>
                    </div>
    
    </div></section>

<section id='lightpress__section--block_688ddd6eb3da7309c7321b77bc7350b1' class='lightpress__section--full-width lightpress__section lightpress__section--spacer' data-scroll-section><div class="spacer"></div></section>

<section id='lightpress__section--block_c77dec5a4f297af9119c9559ee7ccafa' class='lightpress__section--full-width lightpress__section lightpress__section--image' data-scroll-section><div class="image limited-grid image--full">
    <div class="image__image" data-aos="fade-up" data-aos-once="true">
                                            <picture>
                                    <source srcset="https://www.spado.at/wp-content/uploads/WRAnn_schnittperspektive_c_spado.jpg" type="image/webp">
                    <img decoding="async" loading="lazy" src="https://www.spado.at/wp-content/uploads/WRAnn_schnittperspektive_c_spado.jpg" alt="Alte Post / Wrann Velden, Schnittperspektive"
                         width=""
                         height="">
                            </picture>
                        </div>
            <div class="image__description"><p>Abb.  9<br />Schnittperspektive</p>
</div>
    </div></section>

<section id='lightpress__section--block_0dfc8ca770939ec827c39d1d201cb37d' class='lightpress__section--full-width lightpress__section lightpress__section--spacer' data-scroll-section><div class="spacer spacer--small"></div></section>

<p>Geladener, einstufiger Realisierungswettbewerb: Umgestaltung Geschäfts- und Wohnobjekt Alte Post / Wrann</p>
